{"id":837,"date":"2024-08-13T11:14:33","date_gmt":"2024-08-13T17:14:33","guid":{"rendered":"http:\/\/192.168.1.237:8018\/?page_id=837"},"modified":"2024-08-16T13:01:36","modified_gmt":"2024-08-16T19:01:36","slug":"departamento-de-servicios-psicologicos-y-enfermeria","status":"publish","type":"page","link":"https:\/\/utcancun.edu.mx\/index.php\/departamento-de-servicios-psicologicos-y-enfermeria\/","title":{"rendered":"Departamento de Servicios Psicol\u00f3gicos y Enfermer\u00eda"},"content":{"rendered":"\n<p class=\"has-text-align-center has-large-font-size\"><strong>Servicios Psicol\u00f3gicos y Enfermer\u00eda<\/strong><\/p>\n\n\n<div class=\"wp-block-image\">\n<figure class=\"aligncenter size-large\"><img fetchpriority=\"high\" decoding=\"async\" width=\"1024\" height=\"604\" src=\"\/wp-content\/uploads\/2024\/08\/WhatsApp-Image-2024-08-16-at-1.59.11-PM-1024x604.jpeg\" alt=\"\" class=\"wp-image-1106\" srcset=\"https:\/\/utcancun.edu.mx\/wp-content\/uploads\/2024\/08\/WhatsApp-Image-2024-08-16-at-1.59.11-PM-1024x604.jpeg 1024w, https:\/\/utcancun.edu.mx\/wp-content\/uploads\/2024\/08\/WhatsApp-Image-2024-08-16-at-1.59.11-PM-300x177.jpeg 300w, https:\/\/utcancun.edu.mx\/wp-content\/uploads\/2024\/08\/WhatsApp-Image-2024-08-16-at-1.59.11-PM-768x453.jpeg 768w, https:\/\/utcancun.edu.mx\/wp-content\/uploads\/2024\/08\/WhatsApp-Image-2024-08-16-at-1.59.11-PM-1536x905.jpeg 1536w, https:\/\/utcancun.edu.mx\/wp-content\/uploads\/2024\/08\/WhatsApp-Image-2024-08-16-at-1.59.11-PM-320x189.jpeg 320w, https:\/\/utcancun.edu.mx\/wp-content\/uploads\/2024\/08\/WhatsApp-Image-2024-08-16-at-1.59.11-PM-480x283.jpeg 480w, https:\/\/utcancun.edu.mx\/wp-content\/uploads\/2024\/08\/WhatsApp-Image-2024-08-16-at-1.59.11-PM-800x472.jpeg 800w, https:\/\/utcancun.edu.mx\/wp-content\/uploads\/2024\/08\/WhatsApp-Image-2024-08-16-at-1.59.11-PM.jpeg 1600w\" sizes=\"(max-width: 1024px) 100vw, 1024px\" \/><\/figure><\/div>\n\n\n<p>En el Departamento de Servicios Psicol\u00f3gicos y Enfermer\u00eda estamos comprometidos en fomentar una cultura de autocuidado y as\u00ed promover la formaci\u00f3n integral en la comunidad universitaria, con los siguientes servicios de cada \u00e1rea:<\/p>\n\n\n\n<div class=\"su-spoiler su-spoiler-style-default su-spoiler-icon-plus su-spoiler-closed\" data-scroll-offset=\"0\" data-anchor-in-url=\"no\"><div class=\"su-spoiler-title\" tabindex=\"0\" role=\"button\"><span class=\"su-spoiler-icon\"><\/span>Servicios de Enfermer\u00eda<\/div><div class=\"su-spoiler-content su-u-clearfix su-u-trim\">\n\n\n\n<p>Los servicios de enfermer\u00eda son cruciales en el bienestar de estudiantes, personal y visitantes dentro de la comunidad universitaria.<\/p>\n\n\n\n<p>&#8211;&nbsp;&nbsp;&nbsp;&nbsp;&nbsp;&nbsp;Atenciones preventivas y de emergencias.<\/p>\n\n\n\n<p>&#8211;&nbsp;&nbsp;&nbsp;&nbsp;&nbsp;&nbsp;Asesoramiento en Salud Sexual y Reproductiva.<\/p>\n\n\n\n<p>&#8211;&nbsp;&nbsp;&nbsp;&nbsp;&nbsp;&nbsp;Manejo de enfermedades cr\u00f3nicas.<\/p>\n\n\n\n<p>&#8211;&nbsp;&nbsp;&nbsp;&nbsp;&nbsp;&nbsp;Pl\u00e1ticas preventivas.<\/p>\n\n\n\n<p>&#8211;&nbsp;&nbsp;&nbsp;&nbsp;&nbsp;&nbsp;Campa\u00f1as de salud.<\/p>\n\n\n\n<p class=\"has-text-align-center\">Ubicaci\u00f3n Edif. \u201cB\u201d.<\/p>\n\n\n\n<p class=\"has-text-align-center\">Horario de atenci\u00f3n: 07:00 a 21:00 hrs.<\/p>\n\n\n\n<\/div><\/div><div class=\"su-spoiler su-spoiler-style-default su-spoiler-icon-plus su-spoiler-closed\" data-scroll-offset=\"0\" data-anchor-in-url=\"no\"><div class=\"su-spoiler-title\" tabindex=\"0\" role=\"button\"><span class=\"su-spoiler-icon\"><\/span>Servicios de Psicolog\u00eda<\/div><div class=\"su-spoiler-content su-u-clearfix su-u-trim\">\n\n\n\n<p>Los servicios de psicolog\u00eda son vitales para apoyar el bienestar emocional y mental de estudiantes, personal y en algunos casos, la comunidad en general.<\/p>\n\n\n\n<p>&#8211;&nbsp;&nbsp;&nbsp;&nbsp;&nbsp;&nbsp;Atenciones individuales y grupales.<\/p>\n\n\n\n<p>&#8211;&nbsp;&nbsp;&nbsp;&nbsp;&nbsp;&nbsp;Evaluaci\u00f3n Psicol\u00f3gica.<\/p>\n\n\n\n<p>&#8211;&nbsp;&nbsp;&nbsp;&nbsp;&nbsp;&nbsp;Apoyo en crisis.<\/p>\n\n\n\n<p>&#8211;&nbsp;&nbsp;&nbsp;&nbsp;&nbsp;&nbsp;Capacitaci\u00f3n para el personal.<\/p>\n\n\n\n<p>&#8211;&nbsp;&nbsp;&nbsp;&nbsp;&nbsp;&nbsp;Programa de Red de Apoyo.<\/p>\n\n\n\n<p>&#8211;&nbsp;&nbsp;&nbsp;&nbsp;&nbsp;&nbsp;Pl\u00e1ticas preventivas.<\/p>\n\n\n\n<p>&#8211;&nbsp;&nbsp;&nbsp;&nbsp;&nbsp;&nbsp;Campa\u00f1as.<\/p>\n\n\n\n<p class=\"has-text-align-center\">Ubicaci\u00f3n Edif. \u201cG\u201d, planta baja<\/p>\n\n\n\n<p class=\"has-text-align-center\">Horario de atenci\u00f3n: 08:00 a 19:00 hrs.<\/p>\n\n\n\n<\/div><\/div>\n","protected":false},"excerpt":{"rendered":"<p>Servicios Psicol\u00f3gicos y Enfermer\u00eda En el Departamento de Servicios Psicol\u00f3gicos y Enfermer\u00eda estamos comprometidos en fomentar una cultura de autocuidado y as\u00ed promover la formaci\u00f3n integral en la comunidad universitaria, con los siguientes servicios de cada \u00e1rea:<\/p>\n","protected":false},"author":1,"featured_media":0,"parent":0,"menu_order":0,"comment_status":"closed","ping_status":"closed","template":"","meta":{"content-type":"","footnotes":""},"class_list":["post-837","page","type-page","status-publish","hentry"],"_links":{"self":[{"href":"https:\/\/utcancun.edu.mx\/index.php\/wp-json\/wp\/v2\/pages\/837","targetHints":{"allow":["GET"]}}],"collection":[{"href":"https:\/\/utcancun.edu.mx\/index.php\/wp-json\/wp\/v2\/pages"}],"about":[{"href":"https:\/\/utcancun.edu.mx\/index.php\/wp-json\/wp\/v2\/types\/page"}],"author":[{"embeddable":true,"href":"https:\/\/utcancun.edu.mx\/index.php\/wp-json\/wp\/v2\/users\/1"}],"replies":[{"embeddable":true,"href":"https:\/\/utcancun.edu.mx\/index.php\/wp-json\/wp\/v2\/comments?post=837"}],"version-history":[{"count":5,"href":"https:\/\/utcancun.edu.mx\/index.php\/wp-json\/wp\/v2\/pages\/837\/revisions"}],"predecessor-version":[{"id":1109,"href":"https:\/\/utcancun.edu.mx\/index.php\/wp-json\/wp\/v2\/pages\/837\/revisions\/1109"}],"wp:attachment":[{"href":"https:\/\/utcancun.edu.mx\/index.php\/wp-json\/wp\/v2\/media?parent=837"}],"curies":[{"name":"wp","href":"https:\/\/api.w.org\/{rel}","templated":true}]}}