{"id":743,"date":"2024-07-24T13:46:18","date_gmt":"2024-07-24T19:46:18","guid":{"rendered":"http:\/\/192.168.1.237:8018\/?page_id=743"},"modified":"2024-07-24T13:47:37","modified_gmt":"2024-07-24T19:47:37","slug":"patronato-de-la-ut-cancun-bis","status":"publish","type":"page","link":"https:\/\/utcancun.edu.mx\/index.php\/patronato-de-la-ut-cancun-bis\/","title":{"rendered":"Patronato de la UT Canc\u00fan BIS"},"content":{"rendered":"\n<figure class=\"wp-block-image size-large\"><img fetchpriority=\"high\" decoding=\"async\" width=\"1024\" height=\"251\" src=\"http:\/\/192.168.1.237:8018\/wp-content\/uploads\/2024\/07\/image-17-1024x251.png\" alt=\"\" class=\"wp-image-744\" srcset=\"https:\/\/utcancun.edu.mx\/wp-content\/uploads\/2024\/07\/image-17-1024x251.png 1024w, https:\/\/utcancun.edu.mx\/wp-content\/uploads\/2024\/07\/image-17-300x73.png 300w, https:\/\/utcancun.edu.mx\/wp-content\/uploads\/2024\/07\/image-17-768x188.png 768w, https:\/\/utcancun.edu.mx\/wp-content\/uploads\/2024\/07\/image-17-1536x376.png 1536w, https:\/\/utcancun.edu.mx\/wp-content\/uploads\/2024\/07\/image-17-2048x502.png 2048w, https:\/\/utcancun.edu.mx\/wp-content\/uploads\/2024\/07\/image-17-320x78.png 320w, https:\/\/utcancun.edu.mx\/wp-content\/uploads\/2024\/07\/image-17-480x118.png 480w, https:\/\/utcancun.edu.mx\/wp-content\/uploads\/2024\/07\/image-17-800x196.png 800w\" sizes=\"(max-width: 1024px) 100vw, 1024px\" \/><\/figure>\n\n\n\n<p class=\"has-text-align-center\"><strong>MISI\u00d3N:<br><\/strong>Ser un instrumento para gestionar la mejora integral de la comunidad educativa<\/p>\n\n\n\n<p class=\"has-text-align-center\"><strong>VISI\u00d3N:<br><\/strong>Crear alianzas estrat\u00e9gicas que permitan la sustentabilidad de la Universidad, aportando valor a la sociedad.<\/p>\n\n\n\n<p><strong>INTEGRANTES:<\/strong><\/p>\n\n\n\n<figure class=\"wp-block-image\"><img decoding=\"async\" src=\"http:\/\/www.utcancun.edu.mx\/wp-content\/uploads\/2023\/01\/SEMBLANZAS-Miembros-Patronato-1.png\" alt=\"\" class=\"wp-image-15620\"\/><\/figure>\n\n\n\n<figure class=\"wp-block-image size-large\"><img decoding=\"async\" width=\"1024\" height=\"576\" src=\"http:\/\/192.168.1.237:8018\/wp-content\/uploads\/2024\/07\/image-18-1024x576.png\" alt=\"\" class=\"wp-image-746\" srcset=\"https:\/\/utcancun.edu.mx\/wp-content\/uploads\/2024\/07\/image-18-1024x576.png 1024w, https:\/\/utcancun.edu.mx\/wp-content\/uploads\/2024\/07\/image-18-300x169.png 300w, https:\/\/utcancun.edu.mx\/wp-content\/uploads\/2024\/07\/image-18-768x432.png 768w, https:\/\/utcancun.edu.mx\/wp-content\/uploads\/2024\/07\/image-18-1536x864.png 1536w, https:\/\/utcancun.edu.mx\/wp-content\/uploads\/2024\/07\/image-18-320x180.png 320w, https:\/\/utcancun.edu.mx\/wp-content\/uploads\/2024\/07\/image-18-480x270.png 480w, https:\/\/utcancun.edu.mx\/wp-content\/uploads\/2024\/07\/image-18-800x450.png 800w, https:\/\/utcancun.edu.mx\/wp-content\/uploads\/2024\/07\/image-18.png 1920w\" sizes=\"(max-width: 1024px) 100vw, 1024px\" \/><\/figure>\n\n\n\n<figure class=\"wp-block-image size-large\"><img decoding=\"async\" width=\"1024\" height=\"576\" src=\"http:\/\/192.168.1.237:8018\/wp-content\/uploads\/2024\/07\/image-19-1024x576.png\" alt=\"\" class=\"wp-image-747\" srcset=\"https:\/\/utcancun.edu.mx\/wp-content\/uploads\/2024\/07\/image-19-1024x576.png 1024w, https:\/\/utcancun.edu.mx\/wp-content\/uploads\/2024\/07\/image-19-300x169.png 300w, https:\/\/utcancun.edu.mx\/wp-content\/uploads\/2024\/07\/image-19-768x432.png 768w, https:\/\/utcancun.edu.mx\/wp-content\/uploads\/2024\/07\/image-19-1536x864.png 1536w, https:\/\/utcancun.edu.mx\/wp-content\/uploads\/2024\/07\/image-19-320x180.png 320w, https:\/\/utcancun.edu.mx\/wp-content\/uploads\/2024\/07\/image-19-480x270.png 480w, https:\/\/utcancun.edu.mx\/wp-content\/uploads\/2024\/07\/image-19-800x450.png 800w, https:\/\/utcancun.edu.mx\/wp-content\/uploads\/2024\/07\/image-19.png 1920w\" sizes=\"(max-width: 1024px) 100vw, 1024px\" \/><\/figure>\n\n\n\n<figure class=\"wp-block-image size-large\"><img loading=\"lazy\" decoding=\"async\" width=\"1024\" height=\"576\" src=\"http:\/\/192.168.1.237:8018\/wp-content\/uploads\/2024\/07\/image-20-1024x576.png\" alt=\"\" class=\"wp-image-748\" srcset=\"https:\/\/utcancun.edu.mx\/wp-content\/uploads\/2024\/07\/image-20-1024x576.png 1024w, https:\/\/utcancun.edu.mx\/wp-content\/uploads\/2024\/07\/image-20-300x169.png 300w, https:\/\/utcancun.edu.mx\/wp-content\/uploads\/2024\/07\/image-20-768x432.png 768w, https:\/\/utcancun.edu.mx\/wp-content\/uploads\/2024\/07\/image-20-1536x864.png 1536w, https:\/\/utcancun.edu.mx\/wp-content\/uploads\/2024\/07\/image-20-320x180.png 320w, https:\/\/utcancun.edu.mx\/wp-content\/uploads\/2024\/07\/image-20-480x270.png 480w, https:\/\/utcancun.edu.mx\/wp-content\/uploads\/2024\/07\/image-20-800x450.png 800w, https:\/\/utcancun.edu.mx\/wp-content\/uploads\/2024\/07\/image-20.png 1920w\" sizes=\"(max-width: 1024px) 100vw, 1024px\" \/><\/figure>\n\n\n\n<figure class=\"wp-block-image size-large\"><img loading=\"lazy\" decoding=\"async\" width=\"1024\" height=\"576\" src=\"http:\/\/192.168.1.237:8018\/wp-content\/uploads\/2024\/07\/image-21-1024x576.png\" alt=\"\" class=\"wp-image-749\" srcset=\"https:\/\/utcancun.edu.mx\/wp-content\/uploads\/2024\/07\/image-21-1024x576.png 1024w, https:\/\/utcancun.edu.mx\/wp-content\/uploads\/2024\/07\/image-21-300x169.png 300w, https:\/\/utcancun.edu.mx\/wp-content\/uploads\/2024\/07\/image-21-768x432.png 768w, https:\/\/utcancun.edu.mx\/wp-content\/uploads\/2024\/07\/image-21-1536x864.png 1536w, https:\/\/utcancun.edu.mx\/wp-content\/uploads\/2024\/07\/image-21-320x180.png 320w, https:\/\/utcancun.edu.mx\/wp-content\/uploads\/2024\/07\/image-21-480x270.png 480w, https:\/\/utcancun.edu.mx\/wp-content\/uploads\/2024\/07\/image-21-800x450.png 800w, https:\/\/utcancun.edu.mx\/wp-content\/uploads\/2024\/07\/image-21.png 1920w\" sizes=\"(max-width: 1024px) 100vw, 1024px\" \/><\/figure>\n\n\n\n<figure class=\"wp-block-image size-large\"><img loading=\"lazy\" decoding=\"async\" width=\"1024\" height=\"576\" src=\"http:\/\/192.168.1.237:8018\/wp-content\/uploads\/2024\/07\/image-22-1024x576.png\" alt=\"\" class=\"wp-image-750\" srcset=\"https:\/\/utcancun.edu.mx\/wp-content\/uploads\/2024\/07\/image-22-1024x576.png 1024w, https:\/\/utcancun.edu.mx\/wp-content\/uploads\/2024\/07\/image-22-300x169.png 300w, https:\/\/utcancun.edu.mx\/wp-content\/uploads\/2024\/07\/image-22-768x432.png 768w, https:\/\/utcancun.edu.mx\/wp-content\/uploads\/2024\/07\/image-22-1536x864.png 1536w, https:\/\/utcancun.edu.mx\/wp-content\/uploads\/2024\/07\/image-22-320x180.png 320w, https:\/\/utcancun.edu.mx\/wp-content\/uploads\/2024\/07\/image-22-480x270.png 480w, https:\/\/utcancun.edu.mx\/wp-content\/uploads\/2024\/07\/image-22-800x450.png 800w, https:\/\/utcancun.edu.mx\/wp-content\/uploads\/2024\/07\/image-22.png 1920w\" sizes=\"(max-width: 1024px) 100vw, 1024px\" \/><\/figure>\n","protected":false},"excerpt":{"rendered":"<p>MISI\u00d3N:Ser un instrumento para gestionar la mejora integral de la comunidad educativa VISI\u00d3N:Crear alianzas estrat\u00e9gicas que permitan la sustentabilidad de la Universidad, aportando valor a la sociedad. INTEGRANTES:<\/p>\n","protected":false},"author":1,"featured_media":0,"parent":0,"menu_order":0,"comment_status":"closed","ping_status":"closed","template":"","meta":{"content-type":"","footnotes":""},"class_list":["post-743","page","type-page","status-publish","hentry"],"_links":{"self":[{"href":"https:\/\/utcancun.edu.mx\/index.php\/wp-json\/wp\/v2\/pages\/743","targetHints":{"allow":["GET"]}}],"collection":[{"href":"https:\/\/utcancun.edu.mx\/index.php\/wp-json\/wp\/v2\/pages"}],"about":[{"href":"https:\/\/utcancun.edu.mx\/index.php\/wp-json\/wp\/v2\/types\/page"}],"author":[{"embeddable":true,"href":"https:\/\/utcancun.edu.mx\/index.php\/wp-json\/wp\/v2\/users\/1"}],"replies":[{"embeddable":true,"href":"https:\/\/utcancun.edu.mx\/index.php\/wp-json\/wp\/v2\/comments?post=743"}],"version-history":[{"count":3,"href":"https:\/\/utcancun.edu.mx\/index.php\/wp-json\/wp\/v2\/pages\/743\/revisions"}],"predecessor-version":[{"id":752,"href":"https:\/\/utcancun.edu.mx\/index.php\/wp-json\/wp\/v2\/pages\/743\/revisions\/752"}],"wp:attachment":[{"href":"https:\/\/utcancun.edu.mx\/index.php\/wp-json\/wp\/v2\/media?parent=743"}],"curies":[{"name":"wp","href":"https:\/\/api.w.org\/{rel}","templated":true}]}}