{"id":634,"date":"2024-07-15T13:39:10","date_gmt":"2024-07-15T19:39:10","guid":{"rendered":"http:\/\/192.168.1.237:8018\/?page_id=634"},"modified":"2026-03-23T09:04:11","modified_gmt":"2026-03-23T15:04:11","slug":"becas","status":"publish","type":"page","link":"https:\/\/utcancun.edu.mx\/index.php\/becas\/","title":{"rendered":"Becas"},"content":{"rendered":"\n<p><strong>Becas Internas.<br><\/strong>Se publican cada fin de cuatrimestre. En el calendario escolar est\u00e1n marcadas las fechas de publicaci\u00f3n de todo el a\u00f1o.<\/p>\n\n\n\n<p><strong>Becas Externas.<br><\/strong>Estas no tienen fecha establecida, ya que dependen de la publicaci\u00f3n del gobierno federal, estatal, municipal o de alguna empresa, por lo que cuando se abra alguna convocatoria se les colocara el status de DISPONIBLE a cada una de ellas<\/p>\n\n\n\n<p>Esta informaci\u00f3n est\u00e1 disponible en el Cat\u00e1logo de Becas de la Universidad.<\/p>\n\n\n\n<p><strong><em>Leer las convocatorias, fechas y procedimientos antes de realizar la solicitud de alguna beca. Gracias<\/em><\/strong>.<\/p>\n\n\n\n<div class=\"su-tabs su-tabs-style-default su-tabs-mobile-stack\" data-active=\"1\" data-scroll-offset=\"0\" data-anchor-in-url=\"no\"><div class=\"su-tabs-nav\"><span class=\"\" data-url=\"\" data-target=\"blank\" tabindex=\"0\" role=\"button\">Becas Internas<\/span><span class=\"\" data-url=\"\" data-target=\"blank\" tabindex=\"0\" role=\"button\">Becas externas<\/span><span class=\"\" data-url=\"\" data-target=\"blank\" tabindex=\"0\" role=\"button\">Estudiantes Becados(as) Titulados(as)<\/span><\/div><div class=\"su-tabs-panes\"><div class=\"su-tabs-pane su-u-clearfix su-u-trim\" data-title=\"Becas Internas\">\n\n\n\n<div class=\"su-spoiler su-spoiler-style-default su-spoiler-icon-plus su-spoiler-closed\" data-scroll-offset=\"0\" data-anchor-in-url=\"no\"><div class=\"su-spoiler-title\" tabindex=\"0\" role=\"button\"><span class=\"su-spoiler-icon\"><\/span>BECA DESEMPE\u00d1O ACAD\u00c9MICO&nbsp;&nbsp;Mayo-Agosto 2026&nbsp;( DISPONIBLE )<\/div><div class=\"su-spoiler-content su-u-clearfix su-u-trim\">\n\n\n\n<ul class=\"wp-block-list\">\n<li><a href=\"\/wp-content\/uploads\/2026\/03\/CONVOCATORIA-DE-BECA-DESEMPEN\u0303O-ACADE\u0301MICO-MAYO-AGOSTO-2026.pdf\" target=\"_blank\" rel=\"noreferrer noopener\">Convocatoria<\/a><\/li>\n<\/ul>\n\n\n\n<p><\/p>\n\n\n\n<\/div><\/div><div class=\"su-spoiler su-spoiler-style-default su-spoiler-icon-plus su-spoiler-closed\" data-scroll-offset=\"0\" data-anchor-in-url=\"no\"><div class=\"su-spoiler-title\" tabindex=\"0\" role=\"button\"><span class=\"su-spoiler-icon\"><\/span>BECA DE APOYO SOCIOECON\u00d3MICO&nbsp;&nbsp;Mayo-Agosto 2026&nbsp;(&nbsp;DISPONIBLE&nbsp;) <\/div><div class=\"su-spoiler-content su-u-clearfix su-u-trim\">\n\n\n\n<ul class=\"wp-block-list\">\n<li><a href=\"\/wp-content\/uploads\/2026\/03\/CONVOCATORIA-DE-BECA-DE-APOYO-SOCIOECONO\u0301MICO-MAYO-AGOSTO-2026.pdf\" target=\"_blank\" rel=\"noreferrer noopener\">Convocatoria<\/a><\/li>\n\n\n\n<li><a href=\"\/wp-content\/uploads\/2026\/03\/Cuestionario-para-Solicitud-para-beca-de-Apoyo-Socioecono\u0301mico-2026.pdf\" target=\"_blank\" rel=\"noreferrer noopener\">Cuestionario<\/a><\/li>\n<\/ul>\n\n\n\n<p><\/p>\n\n\n\n<\/div><\/div><div class=\"su-spoiler su-spoiler-style-default su-spoiler-icon-plus su-spoiler-closed\" data-scroll-offset=\"0\" data-anchor-in-url=\"no\"><div class=\"su-spoiler-title\" tabindex=\"0\" role=\"button\"><span class=\"su-spoiler-icon\"><\/span>BECA DEPORTIVA -CULTURAL&nbsp;&nbsp;Mayo-Agosto 2026&nbsp;(&nbsp;DISPONIBLE&nbsp;)<\/div><div class=\"su-spoiler-content su-u-clearfix su-u-trim\">\n\n\n\n<ul class=\"wp-block-list\">\n<li><a href=\"\/wp-content\/uploads\/2026\/03\/CONVOCATORIA-DE-BECA-DEPORTIVA-CULTURAL-MAYO-AGOSTO-2026.pdf\" target=\"_blank\" rel=\"noreferrer noopener\">Convocatoria<\/a><\/li>\n<\/ul>\n\n\n\n<p><\/p>\n\n\n\n<\/div><\/div><div class=\"su-spoiler su-spoiler-style-default su-spoiler-icon-plus su-spoiler-closed\" data-scroll-offset=\"0\" data-anchor-in-url=\"no\"><div class=\"su-spoiler-title\" tabindex=\"0\" role=\"button\"><span class=\"su-spoiler-icon\"><\/span>BECA DE APOYO ALIMENTICIO&nbsp;&nbsp;Enero-Abril 2026&nbsp;( DISPONIBLE )<br><\/div><div class=\"su-spoiler-content su-u-clearfix su-u-trim\">\n\n\n\n<ul class=\"wp-block-list\">\n<li><a href=\"\/wp-content\/uploads\/2026\/03\/CONVOCATORIA-DE-BECA-DE-APOYO-ALIMENTICIO-MAYO-AGOSTO-2026.pdf\" target=\"_blank\" rel=\"noreferrer noopener\">Convocatoria<\/a><\/li>\n<\/ul>\n\n\n\n<\/div><\/div>\n\n\n\n<\/div>\n<div class=\"su-tabs-pane su-u-clearfix su-u-trim\" data-title=\"Becas externas\">\n\n\n\n<div class=\"su-spoiler su-spoiler-style-default su-spoiler-icon-plus su-spoiler-closed\" data-scroll-offset=\"0\" data-anchor-in-url=\"no\"><div class=\"su-spoiler-title\" tabindex=\"0\" role=\"button\"><span class=\"su-spoiler-icon\"><\/span>CONVOCATORIA DE BECA DE MUJERES SEPTIEMBRE-DICIEMBRE&nbsp;(NO DISPONIBLE<strong>)<\/strong><\/div><div class=\"su-spoiler-content su-u-clearfix su-u-trim\">\n\n\n\n<p><a href=\"https:\/\/seq.qroo.gob.mx\/2025\/09\/25\/convocatoria-del-programa-de-becas-para-mujeres-en-educacion-superior-bmes-2025-quintana-roo-periodo-septiembre-diciembre\/\" target=\"_blank\" rel=\"noreferrer noopener\">Convocatoria<\/a><\/p>\n\n\n\n<p><a href=\"https:\/\/becassuperior.seq.gob.mx\/becassuperior\/Login\/index.html\">Portal de becas <\/a><\/p>\n\n\n\n<p><a href=\"\/wp-content\/uploads\/2025\/09\/Contrarecibo-de-entrega-de-documentacion-de-BMES-2025.pdf\" target=\"_blank\" rel=\"noreferrer noopener\">Contrarecibo<\/a><\/p>\n\n\n\n<p><a href=\"\/wp-content\/uploads\/2025\/09\/GUIA-PARA-BECA-DE-MUJERES.pdf\">Gu\u00eda para registro <\/a><\/p>\n\n\n\n<p><a href=\"\/wp-content\/uploads\/2025\/09\/PUNTOS-IMPORTANTES.pdf\">Aviso de puntos importantes <\/a><\/p>\n\n\n\n<p><a href=\"https:\/\/seq.qroo.gob.mx\/2025\/11\/10\/programa-de-becas-para-mujeres-en-educacion-superior-bmes-beneficiarias-septiembre-diciembre-2025\/\">Resultados<\/a><\/p>\n\n\n\n<\/div><\/div>\n\n\n\n<div class=\"su-spoiler su-spoiler-style-default su-spoiler-icon-plus su-spoiler-closed\" data-scroll-offset=\"0\" data-anchor-in-url=\"no\"><div class=\"su-spoiler-title\" tabindex=\"0\" role=\"button\"><span class=\"su-spoiler-icon\"><\/span>Programa B\u00c9CALOS  <\/div><div class=\"su-spoiler-content su-u-clearfix su-u-trim\">\n\n\n\n<ul class=\"wp-block-list\">\n<li><a href=\"\/wp-content\/uploads\/2025\/11\/CONVOCATORIA-Be\u0301cALAS-2025.pdf\">Convocatoria B\u00e9cALAS 2025-2026.- Mujeres, empoderando Mujeres<\/a> (del 5 de noviembre al 15 de diciembre 2025)<\/li>\n\n\n\n<li><a href=\"\/wp-content\/uploads\/2025\/11\/Convocatoria_BeTalent_VF1111.pdf\">B\u00e9calos Talento \u2013 Innovaci\u00f3n 2025<\/a> (cierra el 21 de noviembre 2025)<\/li>\n\n\n\n<li><a href=\"\/wp-content\/uploads\/2025\/11\/2025-Tech-Challenge-Flyer.pdf.pdf\">B\u00e9calos Fundaci\u00f3n Taxi\u00f3n, Tech Challenge<\/a><\/li>\n<\/ul>\n\n\n\n<\/div><\/div><div class=\"su-spoiler su-spoiler-style-default su-spoiler-icon-plus su-spoiler-closed\" data-scroll-offset=\"0\" data-anchor-in-url=\"no\"><div class=\"su-spoiler-title\" tabindex=\"0\" role=\"button\"><span class=\"su-spoiler-icon\"><\/span>BECA J\u00d3VENES ESCRIBIENDO EL FUTURO 2025 (DISPONIBLE SOLO ALUMNOS DE CONTINUIDAD DEL 1 AL 15 DE OCTUBRE 2025 )<\/div><div class=\"su-spoiler-content su-u-clearfix su-u-trim\">\n\n\n\n<p><strong>Estudiantes de continuidad<\/strong><\/p>\n\n\n\n<ul class=\"wp-block-list\">\n<li><a href=\"\/wp-content\/uploads\/2025\/09\/BECA-DE-CONTINUIDAD-DE-JOVENES-ESCRIBIENDO-EL-FUTURO-SEP-DIC-2025.pdf\" target=\"_blank\" rel=\"noreferrer noopener\">BECA DE CONTINUIDAD DE JOVENES ESCRIBIENDO EL FUTURO SEP-DIC 2025<\/a><\/li>\n\n\n\n<li><a href=\"https:\/\/subes.becasbenitojuarez.gob.mx\/\">Link de acceso&nbsp;&nbsp;<\/a><\/li>\n\n\n\n<li><a href=\"https:\/\/www.gob.mx\/curp\/\" target=\"_blank\" rel=\"noreferrer noopener\">Link de la CURP&nbsp;<\/a><\/li>\n\n\n\n<li><a href=\"https:\/\/www.gob.mx\/becasbenitojuarez\">https:\/\/www.gob.mx\/becasbenitojuarez<\/a><\/li>\n<\/ul>\n\n\n\n<\/div><\/div><div class=\"su-spoiler su-spoiler-style-default su-spoiler-icon-plus su-spoiler-closed\" data-scroll-offset=\"0\" data-anchor-in-url=\"no\"><div class=\"su-spoiler-title\" tabindex=\"0\" role=\"button\"><span class=\"su-spoiler-icon\"><\/span>Apoyo a Madres mexicanas Jefas de Familia para fortalecer su desarrollo Profesional (NO DISPONIBLE)<\/div><div class=\"su-spoiler-content su-u-clearfix su-u-trim\"><a href=\"http:\/\/www.utcancun.edu.mx\/wp-content\/uploads\/2016\/07\/Convocatoria_MJF_2022_VF-1.pdf\"><\/a><\/p>\n\n\n\n<ul class=\"wp-block-list\">\n<li><a href=\"http:\/\/www.utcancun.edu.mx\/wp-content\/uploads\/2016\/07\/Convocatoria_MJF_2022_VF-1.pdf\"><strong>Convocatoria<\/strong><\/a><\/li>\n<\/ul>\n\n\n\n<\/div><\/div><div class=\"su-spoiler su-spoiler-style-default su-spoiler-icon-plus su-spoiler-closed\" data-scroll-offset=\"0\" data-anchor-in-url=\"no\"><div class=\"su-spoiler-title\" tabindex=\"0\" role=\"button\"><span class=\"su-spoiler-icon\"><\/span>Programa de Becas de Posgrado para Ind\u00edgenas ( NO DISPONIBLE)<\/div><div class=\"su-spoiler-content su-u-clearfix su-u-trim\">\n\n\n\n<ul class=\"wp-block-list\">\n<li><a href=\"http:\/\/www.utcancun.edu.mx\/wp-content\/uploads\/2016\/07\/CONVOCATORIA-PROBEPI-2021.pdf\"><strong>Convocatoria<\/strong><\/a><\/li>\n<\/ul>\n\n\n\n<\/div><\/div> <div class=\"su-spoiler su-spoiler-style-default su-spoiler-icon-plus su-spoiler-closed\" data-scroll-offset=\"0\" data-anchor-in-url=\"no\"><div class=\"su-spoiler-title\" tabindex=\"0\" role=\"button\"><span class=\"su-spoiler-icon\"><\/span>BECA DE TRANSPORTE - FEDERACI\u00d3N DE ESTUDIANTES (NO DISPONIBLE)<\/div><div class=\"su-spoiler-content su-u-clearfix su-u-trim\">\n\n\n\n<figure class=\"wp-block-image size-large\"><img fetchpriority=\"high\" decoding=\"async\" width=\"788\" height=\"1024\" src=\"http:\/\/192.168.1.237:8018\/wp-content\/uploads\/2025\/07\/image-788x1024.png\" alt=\"\" class=\"wp-image-3800\" srcset=\"https:\/\/utcancun.edu.mx\/wp-content\/uploads\/2025\/07\/image-788x1024.png 788w, https:\/\/utcancun.edu.mx\/wp-content\/uploads\/2025\/07\/image-231x300.png 231w, https:\/\/utcancun.edu.mx\/wp-content\/uploads\/2025\/07\/image-768x998.png 768w, https:\/\/utcancun.edu.mx\/wp-content\/uploads\/2025\/07\/image-320x416.png 320w, https:\/\/utcancun.edu.mx\/wp-content\/uploads\/2025\/07\/image-480x624.png 480w, https:\/\/utcancun.edu.mx\/wp-content\/uploads\/2025\/07\/image-800x1040.png 800w, https:\/\/utcancun.edu.mx\/wp-content\/uploads\/2025\/07\/image.png 993w\" sizes=\"(max-width: 788px) 100vw, 788px\" \/><\/figure>\n\n\n\n<ul class=\"wp-block-list\">\n<li><strong>Formato de inscripci\u00f3n<\/strong><\/li>\n<\/ul>\n\n\n\n<\/div><\/div> <div class=\"su-spoiler su-spoiler-style-default su-spoiler-icon-plus su-spoiler-closed\" data-scroll-offset=\"0\" data-anchor-in-url=\"no\"><div class=\"su-spoiler-title\" tabindex=\"0\" role=\"button\"><span class=\"su-spoiler-icon\"><\/span>FUNDACI\u00d3N LOMAS (NO DISPONIBLE)<\/div><div class=\"su-spoiler-content su-u-clearfix su-u-trim\">\n\n\n\n<figure class=\"wp-block-image\"><a href=\"http:\/\/www.utcancun.edu.mx\/wp-content\/uploads\/2016\/07\/CONVOCATORIA-FUNDACION-LOMAS-2022.pdf\"><img decoding=\"async\" src=\"http:\/\/www.utcancun.edu.mx\/wp-content\/uploads\/2023\/02\/Lomas.jpeg\" alt=\"\" class=\"wp-image-15750\"\/><\/a><\/figure>\n\n\n\n<ul class=\"wp-block-list\">\n<li><a href=\"http:\/\/www.utcancun.edu.mx\/wp-content\/uploads\/2016\/07\/CONVOCATORIA-FUNDACION-LOMAS-2022.pdf\">Convocatoria<\/a><\/li>\n\n\n\n<li>Solicitud<\/li>\n\n\n\n<li>Formato Socio-Econ\u00f3mico<\/li>\n\n\n\n<li>Renovaci\u00f3n de Beca<\/li>\n\n\n\n<li>Link de acceso<\/li>\n<\/ul>\n\n\n\n<\/div><\/div> <div class=\"su-spoiler su-spoiler-style-default su-spoiler-icon-plus su-spoiler-closed\" data-scroll-offset=\"0\" data-anchor-in-url=\"no\"><div class=\"su-spoiler-title\" tabindex=\"0\" role=\"button\"><span class=\"su-spoiler-icon\"><\/span> Programa Municipal de Becas Calidad Educativa e Impulso al Desarrollo Humano 2025<em>\u201d <\/em><strong>(<\/strong>NO DISPONIBLE)<\/div><div class=\"su-spoiler-content su-u-clearfix su-u-trim\">\n\n\n\n<ul class=\"wp-block-list\">\n<li><strong><a href=\"\/wp-content\/uploads\/2025\/05\/2025-05-13-Mar-CONVOCATORIA-GENERAL-2024-24-X-34.5-Educacio\u0301n-Media-Superior-y-Superior.pdf\" target=\"_blank\" rel=\"noreferrer noopener\">Convocatoria<\/a><\/strong><\/li>\n\n\n\n<li><a href=\"https:\/\/bit.ly\/citasolicitudbecaBJ\">Realiza tu cita<\/a><\/li>\n<\/ul>\n\n\n\n<\/div><\/div> <div class=\"su-spoiler su-spoiler-style-default su-spoiler-icon-plus su-spoiler-closed\" data-scroll-offset=\"0\" data-anchor-in-url=\"no\"><div class=\"su-spoiler-title\" tabindex=\"0\" role=\"button\"><span class=\"su-spoiler-icon\"><\/span>&nbsp;Becas&nbsp;Santander<em> (<\/em> DISPONIBLE)<\/div><div class=\"su-spoiler-content su-u-clearfix su-u-trim\">\n\n\n\n<p><\/p>\n\n\n\n<ul class=\"wp-block-list\">\n<li><a href=\"https:\/\/app.santanderopenacademy.com\/es\/program\/apoyo-a-la-manutencion-2025?utm_source=CRM_country&amp;utm_medium=Email&amp;utm_campaign=ApoyoManutencion2025_Mexico_ri\" data-type=\"link\" data-id=\"https:\/\/app.santanderopenacademy.com\/es\/program\/apoyo-a-la-manutencion-2025?utm_source=CRM_country&amp;utm_medium=Email&amp;utm_campaign=ApoyoManutencion2025_Mexico_ri\" target=\"_blank\" rel=\"noreferrer noopener\">Beca Santander Apoyo a la Manutenci\u00f3n 2025<\/a><\/li>\n\n\n\n<li><a href=\"https:\/\/app.santanderopenacademy.com\/es\/program\/media-manutencion-2025\">Beca Santander Media Manutenci\u00f3n 2025<\/a><\/li>\n\n\n\n<li><a href=\"https:\/\/www.santanderopenacademy.com\/es\/index.html?utm_source=Web&amp;utm_medium=Referral&amp;utm_campaign=SOA2023_Home_Espana_Web_banco\">Santander Open Academy<br><\/a><\/li>\n<\/ul>\n\n\n\n<\/div><\/div><div class=\"su-spoiler su-spoiler-style-default su-spoiler-icon-plus su-spoiler-closed\" data-scroll-offset=\"0\" data-anchor-in-url=\"no\"><div class=\"su-spoiler-title\" tabindex=\"0\" role=\"button\"><span class=\"su-spoiler-icon\"><\/span>&nbsp;Beca TELMEX<em> (<\/em> NO DISPONIBLE)<\/div><div class=\"su-spoiler-content su-u-clearfix su-u-trim\">\n\n\n\n<ul class=\"wp-block-list\">\n<li><a href=\"https:\/\/www.fundaciontelmextelcel.org\/becas\">Convocatoria <\/a><\/li>\n<\/ul>\n\n\n\n<\/div><\/div><div class=\"su-spoiler su-spoiler-style-default su-spoiler-icon-plus su-spoiler-closed\" data-scroll-offset=\"0\" data-anchor-in-url=\"no\"><div class=\"su-spoiler-title\" tabindex=\"0\" role=\"button\"><span class=\"su-spoiler-icon\"><\/span>&nbsp;Educaci\u00f3n para Transformar 2026 <em>(<\/em> DISPONIBLE)<\/div><div class=\"su-spoiler-content su-u-clearfix su-u-trim\">\n\n\n\n<ul class=\"wp-block-list\">\n<li><a href=\"\/wp-content\/uploads\/2026\/03\/Convocatoria-Municipal-Educacio\u0301n-para-Transformar-2026.pdf\">Convocatoria <\/a><\/li>\n<\/ul>\n\n\n\n<\/div><\/div>\n\n\n\n<\/div>\n<div class=\"su-tabs-pane su-u-clearfix su-u-trim\" data-title=\"Estudiantes Becados(as) Titulados(as)\">\n\n\n\n<ul class=\"wp-block-list\">\n<li><a href=\"http:\/\/www.utcancun.edu.mx\/wp-content\/uploads\/2016\/07\/REPORTE-DE-EGRESADOSAS-TITULADOSAS-5A-2018-2020.pdf\">Reporte de estudiantes titulados(as) 5A 2018-2020 con alg\u00fan tipo de beca<\/a><\/li>\n\n\n\n<li><a href=\"http:\/\/utcancun.edu.mx\/wp-content\/uploads\/2016\/07\/REPORTE-DE-EGRESADOS-TSU-2018-2020.pdf\">Reporte de estudiantes titulados(as) TSU 2018-2020 con alg\u00fan tipo de beca<\/a><\/li>\n\n\n\n<li><a href=\"http:\/\/www.utcancun.edu.mx\/wp-content\/uploads\/2016\/07\/REPORTE-DE-ESTUDIANTES-TITULADOSAS-5A-2019-2021.pdf\">Reporte de estudiantes titulados(as) 5A 2019-2021 con alg\u00fan tipo de beca<\/a><\/li>\n\n\n\n<li><a href=\"http:\/\/www.utcancun.edu.mx\/wp-content\/uploads\/2016\/07\/REPORTE-DE-ESTUDIANTES-TITULADOSAS-TSU-2019-2021-CON-ALG\u00daN-TIPO-DE-BECA.pdf\">Reporte de estudiantes titulados(as) TSU 2019-2021 con alg\u00fan tipo de beca<\/a><\/li>\n\n\n\n<li><a href=\"http:\/\/www.utcancun.edu.mx\/wp-content\/uploads\/2016\/07\/Reporte-de-estudiantes-tituladosas-TSU-BIS-2019-2021con-alg\u00fan-tipo-de-....pdf\">Reporte de estudiantes titulados (as) TSU BIS 2019-2022 con alg\u00fan tipo de beca<\/a><\/li>\n\n\n\n<li><a href=\"http:\/\/www.utcancun.edu.mx\/wp-content\/uploads\/2016\/07\/Reporte-de-estudiantes-titulados-as-5A-2020-2022-con-algun-tipo-de-beca.pdf\">Reporte de estudiantes titulados (as) 5A 2020-2022 con alg\u00fan tipo de beca.<\/a><\/li>\n\n\n\n<li><a href=\"http:\/\/www.utcancun.edu.mx\/wp-content\/uploads\/2016\/07\/EGRESADOS-CON-BECA-TSU-2020-AGOSTO-2022.pdf\">Reporte de estudiantes&nbsp;titulados(as) TSU 2020-2022 con alg\u00fan tipo de beca<\/a><\/li>\n\n\n\n<li><a href=\"http:\/\/www.utcancun.edu.mx\/wp-content\/uploads\/2016\/07\/REPORTE-DE-ESTUDIANTES-TITULADOSAS-5A-BIS-2020-\u2013-2022-CON-ALG\u00daN-TIPO-DE-BECA.pdf\">Reporte de estudiantes&nbsp;titulados(as)&nbsp;5A BIS 2020 \u2013 2022&nbsp;con alg\u00fan tipo de beca<\/a><\/li>\n\n\n\n<li><a href=\"http:\/\/www.utcancun.edu.mx\/wp-content\/uploads\/2016\/07\/Reporte-de-estudiantes-titulados-as-5A-2021-2023-con-alg\u00fan-tipo-de-beca-1.pdf\">Reporte de estudiantes titulados (as) 5A 2021-2023.<\/a><\/li>\n\n\n\n<li><a href=\"https:\/\/drive.google.com\/file\/d\/1I7_IqU_HPCSiUX12momNLQHgOtNf4cbf\/view?usp=sharing\">Reporte de estudiantes titulados(as) TSU 2021-2023 y 5A BIS 2022 \u2013 2023 con alg\u00fan tipo de beca<\/a><\/li>\n\n\n\n<li><a href=\"http:\/\/www.utcancun.edu.mx\/wp-content\/uploads\/2016\/07\/Reporte-de-estudiantes-tituladosas-TSU-y-TSU-BIS-2021-2023-con-alg\u00fan-tipo-de-beca.pdf\">Reporte de estudiantes titulados(as) TSU y TSU BIS 2021-2023 con alg\u00fan tipo de beca.&nbsp;<\/a><\/li>\n\n\n\n<li><a href=\"https:\/\/drive.google.com\/file\/d\/1pCJt55vS_b4eRE6ZEI2JOyGgI_bLdgYT\/view?usp=sharing\">Reporte de estudiantes titulados(as) de Ingenier\u00eda y Licenciatura 2022-2024 con alg\u00fan tipo de beca.<\/a><\/li>\n\n\n\n<li><a href=\"\/wp-content\/uploads\/2024\/10\/3ER-REPORTE-DE-INDICADORE-SIPRES.pdf\">Reporte de estudiantes titulados(as) TSU 2022-2024 con alg\u00fan&nbsp;tipo&nbsp;de&nbsp;beca.<\/a><\/li>\n\n\n\n<li><a href=\"\/wp-content\/uploads\/2025\/01\/Reporte-de-estudiantes-tituladosas-TSU-BIS-2022-2024-con-algu\u0301n-tipo-de-beca.pdf\">Reporte de estudiantes titulados(as) TSU BIS 2022-2024 con alg\u00fan tipo de beca<\/a><\/li>\n\n\n\n<li><a href=\"\/wp-content\/uploads\/2025\/10\/ESTUDIANTES-TITULADOS-ING-Y-LIC-2023-2025-con-algu\u0301n-tipo-de-beca.pdf\">Reporte de estudiantes titulados(as) ING Y LIC 2023-2025 con alg\u00fan tipo de beca.<\/a><\/li>\n\n\n\n<li><a href=\"\/wp-content\/uploads\/2026\/01\/REPORTE-DE-ESTUDIANTES-TITULADOS.pdf\" target=\"_blank\" rel=\"noreferrer noopener\">Reporte de estudiantes titulados(as) TSU 2023-2025 con alg\u00fan tipo de beca.<\/a><\/li>\n<\/ul>\n\n\n\n<\/div><\/div><\/div>\n\n\n\n<p class=\"has-text-align-center\"><strong><br>Coordinaci\u00f3n de Becas<\/strong><\/p>\n\n\n\n<p class=\"has-text-align-center\">(998) 8 811900 Extensi\u00f3n: 1084<br>Lunes a Viernes de 08:00 a 19:00 horas<br><br>COORDINADORA<br>Lic. M\u00f3nica Yanet Proy Carretero<br>mproy@utcancun.edu.mx<br><br>JEFA DE OFICINA<br>Lic. Marinne E. Galicia Gonz\u00e1lez<br>mgalicia@utcancun.edu.mx<\/p>\n\n\n\n<p><\/p>\n","protected":false},"excerpt":{"rendered":"<p>Becas Internas.Se publican cada fin de cuatrimestre. En el calendario escolar est\u00e1n marcadas las fechas de publicaci\u00f3n de todo el a\u00f1o. Becas Externas.Estas no tienen fecha establecida, ya que dependen de la publicaci\u00f3n del gobierno federal, estatal, municipal o de alguna empresa, por lo que cuando se abra alguna convocatoria se les colocara el status [&hellip;]<\/p>\n","protected":false},"author":1,"featured_media":0,"parent":0,"menu_order":0,"comment_status":"closed","ping_status":"closed","template":"","meta":{"content-type":"","footnotes":""},"class_list":["post-634","page","type-page","status-publish","hentry"],"_links":{"self":[{"href":"https:\/\/utcancun.edu.mx\/index.php\/wp-json\/wp\/v2\/pages\/634","targetHints":{"allow":["GET"]}}],"collection":[{"href":"https:\/\/utcancun.edu.mx\/index.php\/wp-json\/wp\/v2\/pages"}],"about":[{"href":"https:\/\/utcancun.edu.mx\/index.php\/wp-json\/wp\/v2\/types\/page"}],"author":[{"embeddable":true,"href":"https:\/\/utcancun.edu.mx\/index.php\/wp-json\/wp\/v2\/users\/1"}],"replies":[{"embeddable":true,"href":"https:\/\/utcancun.edu.mx\/index.php\/wp-json\/wp\/v2\/comments?post=634"}],"version-history":[{"count":98,"href":"https:\/\/utcancun.edu.mx\/index.php\/wp-json\/wp\/v2\/pages\/634\/revisions"}],"predecessor-version":[{"id":4953,"href":"https:\/\/utcancun.edu.mx\/index.php\/wp-json\/wp\/v2\/pages\/634\/revisions\/4953"}],"wp:attachment":[{"href":"https:\/\/utcancun.edu.mx\/index.php\/wp-json\/wp\/v2\/media?parent=634"}],"curies":[{"name":"wp","href":"https:\/\/api.w.org\/{rel}","templated":true}]}}