{"id":499,"date":"2024-07-01T15:19:16","date_gmt":"2024-07-01T21:19:16","guid":{"rendered":"http:\/\/192.168.1.237:8018\/?page_id=499"},"modified":"2024-07-01T15:33:40","modified_gmt":"2024-07-01T21:33:40","slug":"contraloria-social-prodep-2018","status":"publish","type":"page","link":"https:\/\/utcancun.edu.mx\/index.php\/contraloria-social-prodep-2018\/","title":{"rendered":"CONTRALOR\u00cdA SOCIAL PRODEP 2018"},"content":{"rendered":"\n<figure class=\"wp-block-image size-full\"><img fetchpriority=\"high\" decoding=\"async\" width=\"768\" height=\"286\" src=\"http:\/\/192.168.1.237:8018\/wp-content\/uploads\/2024\/07\/image-1.png\" alt=\"\" class=\"wp-image-508\" srcset=\"https:\/\/utcancun.edu.mx\/wp-content\/uploads\/2024\/07\/image-1.png 768w, https:\/\/utcancun.edu.mx\/wp-content\/uploads\/2024\/07\/image-1-300x112.png 300w, https:\/\/utcancun.edu.mx\/wp-content\/uploads\/2024\/07\/image-1-320x119.png 320w, https:\/\/utcancun.edu.mx\/wp-content\/uploads\/2024\/07\/image-1-480x179.png 480w\" sizes=\"(max-width: 768px) 100vw, 768px\" \/><\/figure>\n\n\n\n<p><strong>Contralor\u00eda Social de la Universidad Tecnol\u00f3gica de Canc\u00fan, 2018.<\/strong><\/p>\n\n\n\n<p><strong>Programa para el Desarrollo Profesional Docente (PRODEP)<\/strong><\/p>\n\n\n\n<p>Conforme a lo dispuesto por la Ley General de Desarrollo Social, la Contralor\u00eda Social constituye una pr\u00e1ctica de transparencia, de rendici\u00f3n de cuentas y se convierte en un mecanismo para los beneficiarios, para que de manera organizada verifiquen el cumplimiento de las metas y la correcta aplicaci\u00f3n de los recursos p\u00fablicos asignados a diferentes Programas Federales.<\/p>\n\n\n\n<div class=\"su-spoiler su-spoiler-style-default su-spoiler-icon-plus su-spoiler-closed\" data-scroll-offset=\"0\" data-anchor-in-url=\"no\"><div class=\"su-spoiler-title\" tabindex=\"0\" role=\"button\"><span class=\"su-spoiler-icon\"><\/span>Documentos<\/div><div class=\"su-spoiler-content su-u-clearfix su-u-trim\">\n\n\n\n<ol class=\"wp-block-list\">\n<li><a href=\"https:\/\/drive.google.com\/open?id=1q-PywF_pFmH1VEupioC4INutOT2ilSvT\"><em><strong>Esquema<\/strong><\/em><\/a><\/li>\n\n\n\n<li><a href=\"https:\/\/drive.google.com\/open?id=1xSFlyzQgfIzspgoNOrSQS4lI50KC313D\"><em><strong>Gu\u00eda Operativa.<\/strong><\/em><\/a><\/li>\n\n\n\n<li><a href=\"https:\/\/drive.google.com\/open?id=11N6T5nQGp9gNQdYBLOr_exT74WyD6CiT\"><em><strong>Programa Anual de Trabajo de Contralor\u00eda Social (PATCS).<\/strong><\/em><\/a><\/li>\n\n\n\n<li><a href=\"https:\/\/drive.google.com\/open?id=1FZ-tKrSKfvBhoky5MG_SBFWtyh-D_Zxh\"><em><strong>Programa Estatal de Trabajo de Contralor\u00eda Social (PETCS).<\/strong><\/em><\/a><\/li>\n<\/ol>\n\n\n\n<\/div><\/div><div class=\"su-spoiler su-spoiler-style-default su-spoiler-icon-plus su-spoiler-closed\" data-scroll-offset=\"0\" data-anchor-in-url=\"no\"><div class=\"su-spoiler-title\" tabindex=\"0\" role=\"button\"><span class=\"su-spoiler-icon\"><\/span>Formatos<\/div><div class=\"su-spoiler-content su-u-clearfix su-u-trim\">\n\n\n\n<ol class=\"wp-block-list\">\n<li><a href=\"https:\/\/drive.google.com\/open?id=1X3nX-wU_kdl6DmAvbxcSOATehjZ3pmKF\"><em><strong>Minuta de Reuni\u00f3n.<\/strong><\/em><\/a><\/li>\n\n\n\n<li><a href=\"https:\/\/drive.google.com\/open?id=1EWiunRdS4-Fydk2lsTYgUoo5RtYY5Zu1\"><em><strong>Acta de Registro del Comit\u00e9 de Contralor\u00eda Social.<\/strong><\/em><\/a><\/li>\n\n\n\n<li><a href=\"https:\/\/drive.google.com\/open?id=1s_k8EQwL5C_4Vcpx6piGxNa6wBD1AWVU\"><em><strong>Acta de Sustituci\u00f3n de un Integrante del Comit\u00e9.<\/strong><\/em><\/a><\/li>\n\n\n\n<li><a href=\"https:\/\/drive.google.com\/open?id=1zR8i0QhiDtqthLHj0i9ZaYeGd7kVlgJz\"><em><strong>Solicitud de Informaci\u00f3n.<\/strong><\/em><\/a><\/li>\n\n\n\n<li><a href=\"https:\/\/drive.google.com\/open?id=1ym0G8csvRvxzm0KzJg2qTo9m3Xn0BAkl\"><em><strong>Informe del Comit\u00e9 de Contralor\u00eda Social.<\/strong><\/em><\/a><\/li>\n\n\n\n<li><a href=\"https:\/\/drive.google.com\/open?id=10mqll_sYu4GMuj_nWh06kJVauTH-0jeT\"><em><strong>C\u00e9dula de Quejas y Denuncias.<\/strong><\/em><\/a><\/li>\n<\/ol>\n\n\n\n<\/div><\/div><div class=\"su-spoiler su-spoiler-style-default su-spoiler-icon-plus su-spoiler-closed\" data-scroll-offset=\"0\" data-anchor-in-url=\"no\"><div class=\"su-spoiler-title\" tabindex=\"0\" role=\"button\"><span class=\"su-spoiler-icon\"><\/span>Manuales<\/div><div class=\"su-spoiler-content su-u-clearfix su-u-trim\">\n\n\n\n<p><a href=\"https:\/\/drive.google.com\/open?id=1PUqtkqBXb5RZAFWQpprkdq8XhM8iK9NT\"><em><strong>Manual de Usuario del Sistema Inform\u00e1tico de Contralor\u00eda Social (SICS) para Instancias Ejecutoras.<\/strong><\/em><\/a><\/p>\n\n\n\n<\/div><\/div><div class=\"su-spoiler su-spoiler-style-default su-spoiler-icon-plus su-spoiler-closed\" data-scroll-offset=\"0\" data-anchor-in-url=\"no\"><div class=\"su-spoiler-title\" tabindex=\"0\" role=\"button\"><span class=\"su-spoiler-icon\"><\/span>Marco Normativo<\/div><div class=\"su-spoiler-content su-u-clearfix su-u-trim\">\n\n\n\n<ol class=\"wp-block-list\">\n<li><a href=\"https:\/\/drive.google.com\/open?id=1UbNRvdtrMn6yFS9eT3ccM5ls4UJOGn_t\"><em><strong>Ley General de Desarrollo Social.<\/strong><\/em><\/a><\/li>\n\n\n\n<li><a href=\"https:\/\/drive.google.com\/open?id=12QsKNHXgSvtEXjdtTbDIw46EP-MiSatp\"><em><strong>Reglamento de la Ley General de Desarrollo Social.<\/strong><\/em><\/a><\/li>\n\n\n\n<li><a href=\"https:\/\/drive.google.com\/open?id=1TKtW339XsuU71pKwIYb038BwuT2Z9D0t\"><em><strong>Lineamientos Para la Promoci\u00f3n y Operaci\u00f3n de la Contralor\u00eda Social en los Programas Federales de Desarrollo Social, 28-Octubre-2016.<\/strong><\/em><\/a><\/li>\n\n\n\n<li><em><strong><a href=\"https:\/\/drive.google.com\/open?id=1CLwzsYdW28VSNbqLfYYQT99KLgXYjoho\">Reglas de Operaci\u00f3n del PRODEP 2017<\/a>.<\/strong><\/em><\/li>\n<\/ol>\n\n\n\n<\/div><\/div><div class=\"su-spoiler su-spoiler-style-default su-spoiler-icon-plus su-spoiler-closed\" data-scroll-offset=\"0\" data-anchor-in-url=\"no\"><div class=\"su-spoiler-title\" tabindex=\"0\" role=\"button\"><span class=\"su-spoiler-icon\"><\/span>Difusi\u00f3n<\/div><div class=\"su-spoiler-content su-u-clearfix su-u-trim\">\n\n\n\n<ol class=\"wp-block-list\">\n<li><strong><em><a href=\"https:\/\/drive.google.com\/open?id=1EU47eKo9fPcGP54tR1RyryoNjk65Q6C3\">Tr\u00edptico de Contralor\u00eda Social de la CGUTyP<\/a><\/em><\/strong><\/li>\n\n\n\n<li><a href=\"http:\/\/www.utcancun.edu.mx\/wp-content\/uploads\/2016\/07\/Triptico-Ejecutora.pdf\"><em><strong>Material de Difusi\u00f3n de la Instancia Ejecutora<\/strong><\/em><\/a><\/li>\n<\/ol>\n\n\n\n<\/div><\/div><div class=\"su-spoiler su-spoiler-style-default su-spoiler-icon-plus su-spoiler-closed\" data-scroll-offset=\"0\" data-anchor-in-url=\"no\"><div class=\"su-spoiler-title\" tabindex=\"0\" role=\"button\"><span class=\"su-spoiler-icon\"><\/span>Quejas y Denuncias<\/div><div class=\"su-spoiler-content su-u-clearfix su-u-trim\">\n\n\n\n<ol class=\"wp-block-list\">\n<li><a href=\"https:\/\/drive.google.com\/open?id=1CS2a7VleKdVrTjIdiAZJ-WEZxU6ZZILT\"><em><strong>Atenci\u00f3n Ciudadana de la Secretar\u00eda de la Funci\u00f3n P\u00fablica (SFP).<\/strong><\/em><\/a><\/li>\n\n\n\n<li><a href=\"https:\/\/drive.google.com\/open?id=1qNpxV1IGS--m_HohadboYVET0HttMiZD\"><em><strong>Atenci\u00f3n de la Coordinaci\u00f3n General de Universidades Tecnol\u00f3gicas y Polit\u00e9cnicas (CGUTyP).<\/strong><\/em><\/a><\/li>\n<\/ol>\n\n\n\n<\/div><\/div><div class=\"su-spoiler su-spoiler-style-default su-spoiler-icon-plus su-spoiler-closed\" data-scroll-offset=\"0\" data-anchor-in-url=\"no\"><div class=\"su-spoiler-title\" tabindex=\"0\" role=\"button\"><span class=\"su-spoiler-icon\"><\/span>Informe<\/div><div class=\"su-spoiler-content su-u-clearfix su-u-trim\">\n\n\n\n<p><a href=\"http:\/\/www.utcancun.edu.mx\/wp-content\/uploads\/2016\/07\/INFORME-UTC.pdf\"><em><strong>Informe del Sistema Inform\u00e1tico de Contralor\u00eda Social.<\/strong><\/em><\/a><\/p>\n\n\n\n<\/div><\/div><div class=\"su-spoiler su-spoiler-style-default su-spoiler-icon-plus su-spoiler-closed\" data-scroll-offset=\"0\" data-anchor-in-url=\"no\"><div class=\"su-spoiler-title\" tabindex=\"0\" role=\"button\"><span class=\"su-spoiler-icon\"><\/span>Directorio<\/div><div class=\"su-spoiler-content su-u-clearfix su-u-trim\">\n\n\n\n<ol class=\"wp-block-list\">\n<li><a href=\"https:\/\/drive.google.com\/open?id=1Kd34mRGoL5eBEpi4kSvpkvZyoodmIL9a\"><em><strong>Instancia Normativa.<\/strong><\/em><\/a><\/li>\n\n\n\n<li><a href=\"https:\/\/drive.google.com\/open?id=1E_j6v1eDxYYFe9TZrQQGScBrMqXyJ9sD\"><em><strong>Instancia Ejecutora (Datos del Responsable de Contralor\u00eda Social y miembros del Comit\u00e9 de Contralor\u00eda Social).<\/strong><\/em><\/a><\/li>\n\n\n\n<li><a href=\"https:\/\/drive.google.com\/open?id=1bJSx2LXQ45JxYE7eW--2h1x8ZXuySUi1\"><em><strong>Responsables de la Contralor\u00eda Social en el \u00d3rgano Estatal de Control (OEC).<\/strong><\/em><\/a><\/li>\n<\/ol>\n\n\n\n<\/div><\/div>\n\n\n\n<p><em><strong>Enlace de la Contralor\u00eda Social del PRODEP<\/strong><\/em><\/p>\n\n\n\n<p><strong>Dra. Elva Isabel Guti\u00e9rrez Cabrera, Secretaria Acad\u00e9mica<\/strong><\/p>\n\n\n\n<p>Tel\u00e9fono: (998) 881 1900 Ext. 1270<\/p>\n\n\n\n<p>Correo electr\u00f3nico:&nbsp;<a href=\"mailto:egutierrez@utcancun.edu.mx\">egutierrez@utcancun.edu.mx<\/a><\/p>\n\n\n\n<p>\u00abEste programa es p\u00fablico ajeno a cualquier partido pol\u00edtico. Queda prohibido el uso para fines distintos a los establecidos en el programa. Quien haga uso indebido de los recursos de este programa deber\u00e1 ser denunciado y sancionado con la ley aplicable y ante la autoridad competente\u00bb.<\/p>\n","protected":false},"excerpt":{"rendered":"<p>Contralor\u00eda Social de la Universidad Tecnol\u00f3gica de Canc\u00fan, 2018. Programa para el Desarrollo Profesional Docente (PRODEP) Conforme a lo dispuesto por la Ley General de Desarrollo Social, la Contralor\u00eda Social constituye una pr\u00e1ctica de transparencia, de rendici\u00f3n de cuentas y se convierte en un mecanismo para los beneficiarios, para que de manera organizada verifiquen el [&hellip;]<\/p>\n","protected":false},"author":1,"featured_media":0,"parent":0,"menu_order":0,"comment_status":"closed","ping_status":"closed","template":"","meta":{"content-type":"","footnotes":""},"class_list":["post-499","page","type-page","status-publish","hentry"],"_links":{"self":[{"href":"https:\/\/utcancun.edu.mx\/index.php\/wp-json\/wp\/v2\/pages\/499","targetHints":{"allow":["GET"]}}],"collection":[{"href":"https:\/\/utcancun.edu.mx\/index.php\/wp-json\/wp\/v2\/pages"}],"about":[{"href":"https:\/\/utcancun.edu.mx\/index.php\/wp-json\/wp\/v2\/types\/page"}],"author":[{"embeddable":true,"href":"https:\/\/utcancun.edu.mx\/index.php\/wp-json\/wp\/v2\/users\/1"}],"replies":[{"embeddable":true,"href":"https:\/\/utcancun.edu.mx\/index.php\/wp-json\/wp\/v2\/comments?post=499"}],"version-history":[{"count":7,"href":"https:\/\/utcancun.edu.mx\/index.php\/wp-json\/wp\/v2\/pages\/499\/revisions"}],"predecessor-version":[{"id":514,"href":"https:\/\/utcancun.edu.mx\/index.php\/wp-json\/wp\/v2\/pages\/499\/revisions\/514"}],"wp:attachment":[{"href":"https:\/\/utcancun.edu.mx\/index.php\/wp-json\/wp\/v2\/media?parent=499"}],"curies":[{"name":"wp","href":"https:\/\/api.w.org\/{rel}","templated":true}]}}