{"id":4504,"date":"2025-12-18T12:11:28","date_gmt":"2025-12-18T18:11:28","guid":{"rendered":"http:\/\/192.168.1.237:8018\/?page_id=4504"},"modified":"2026-01-08T08:47:42","modified_gmt":"2026-01-08T14:47:42","slug":"contraloria-social","status":"publish","type":"page","link":"https:\/\/utcancun.edu.mx\/index.php\/contraloria-social\/","title":{"rendered":"CONTRALORIA SOCIAL 1"},"content":{"rendered":"\n<p><\/p>\n\n\n\n<div class=\"su-tabs su-tabs-style-default su-tabs-mobile-stack\" data-active=\"1\" data-scroll-offset=\"0\" data-anchor-in-url=\"no\"><div class=\"su-tabs-nav\"><span class=\"\" data-url=\"\" data-target=\"blank\" tabindex=\"0\" role=\"button\">2025<\/span><span class=\"\" data-url=\"\" data-target=\"blank\" tabindex=\"0\" role=\"button\">2024<\/span><\/div><div class=\"su-tabs-panes\"><div class=\"su-tabs-pane su-u-clearfix su-u-trim\" data-title=\"2025\">\n\n\n\n<p class=\"has-text-align-center\"><strong>2025<\/strong><\/p>\n\n\n<div class=\"wp-block-image\">\n<figure class=\"aligncenter size-large is-resized\"><img fetchpriority=\"high\" decoding=\"async\" width=\"1024\" height=\"512\" src=\"http:\/\/192.168.1.237:8018\/wp-content\/uploads\/2025\/12\/Diseno-sin-titulo-1-1-1024x512.png\" alt=\"\" class=\"wp-image-4520\" style=\"width:414px;height:auto\" srcset=\"https:\/\/utcancun.edu.mx\/wp-content\/uploads\/2025\/12\/Diseno-sin-titulo-1-1-1024x512.png 1024w, https:\/\/utcancun.edu.mx\/wp-content\/uploads\/2025\/12\/Diseno-sin-titulo-1-1-300x150.png 300w, https:\/\/utcancun.edu.mx\/wp-content\/uploads\/2025\/12\/Diseno-sin-titulo-1-1-768x384.png 768w, https:\/\/utcancun.edu.mx\/wp-content\/uploads\/2025\/12\/Diseno-sin-titulo-1-1-320x160.png 320w, https:\/\/utcancun.edu.mx\/wp-content\/uploads\/2025\/12\/Diseno-sin-titulo-1-1-480x240.png 480w, https:\/\/utcancun.edu.mx\/wp-content\/uploads\/2025\/12\/Diseno-sin-titulo-1-1-800x400.png 800w, https:\/\/utcancun.edu.mx\/wp-content\/uploads\/2025\/12\/Diseno-sin-titulo-1-1.png 1200w\" sizes=\"(max-width: 1024px) 100vw, 1024px\" \/><\/figure><\/div>\n\n\n<h2 class=\"wp-block-heading alignwide has-text-align-center\" style=\"font-size:19px\"><strong>Contralor\u00eda Social de la Universidad Tecnol\u00f3gica de Canc\u00fan, 2025.<\/strong><\/h2>\n\n\n\n<div class=\"wp-block-columns is-layout-flex wp-container-core-columns-is-layout-1 wp-block-columns-is-layout-flex\">\n<div class=\"wp-block-column is-layout-flow wp-block-column-is-layout-flow\"><div class=\"wp-block-image\">\n<figure class=\"aligncenter size-large is-resized\"><a href=\"\/index.php\/programa-para-el-desarrollo-profesional-docente-prodep-2026\/\"><img decoding=\"async\" width=\"1024\" height=\"1024\" src=\"http:\/\/192.168.1.237:8018\/wp-content\/uploads\/2024\/12\/1-1024x1024.png\" alt=\"\" class=\"wp-image-1704\" style=\"width:333px;height:auto\" srcset=\"https:\/\/utcancun.edu.mx\/wp-content\/uploads\/2024\/12\/1-1024x1024.png 1024w, https:\/\/utcancun.edu.mx\/wp-content\/uploads\/2024\/12\/1-300x300.png 300w, https:\/\/utcancun.edu.mx\/wp-content\/uploads\/2024\/12\/1-150x150.png 150w, https:\/\/utcancun.edu.mx\/wp-content\/uploads\/2024\/12\/1-768x768.png 768w, https:\/\/utcancun.edu.mx\/wp-content\/uploads\/2024\/12\/1-1536x1536.png 1536w, https:\/\/utcancun.edu.mx\/wp-content\/uploads\/2024\/12\/1-320x320.png 320w, https:\/\/utcancun.edu.mx\/wp-content\/uploads\/2024\/12\/1-480x480.png 480w, https:\/\/utcancun.edu.mx\/wp-content\/uploads\/2024\/12\/1-800x800.png 800w, https:\/\/utcancun.edu.mx\/wp-content\/uploads\/2024\/12\/1-100x100.png 100w, https:\/\/utcancun.edu.mx\/wp-content\/uploads\/2024\/12\/1.png 1563w\" sizes=\"(max-width: 1024px) 100vw, 1024px\" \/><\/a><\/figure><\/div><\/div>\n\n\n\n<div class=\"wp-block-column is-layout-flow wp-block-column-is-layout-flow\"><div class=\"wp-block-image\">\n<figure class=\"aligncenter size-large is-resized\"><a href=\"\/index.php\/contraloria-social-del-programa-u006-subsidios-federales-para-organismos-descentralizados-estatales-2026\/\"><img decoding=\"async\" width=\"1024\" height=\"1024\" src=\"http:\/\/192.168.1.237:8018\/wp-content\/uploads\/2024\/12\/2-2-1024x1024.png\" alt=\"\" class=\"wp-image-1703\" style=\"width:333px\" srcset=\"https:\/\/utcancun.edu.mx\/wp-content\/uploads\/2024\/12\/2-2-1024x1024.png 1024w, https:\/\/utcancun.edu.mx\/wp-content\/uploads\/2024\/12\/2-2-300x300.png 300w, https:\/\/utcancun.edu.mx\/wp-content\/uploads\/2024\/12\/2-2-150x150.png 150w, https:\/\/utcancun.edu.mx\/wp-content\/uploads\/2024\/12\/2-2-768x768.png 768w, https:\/\/utcancun.edu.mx\/wp-content\/uploads\/2024\/12\/2-2-1536x1536.png 1536w, https:\/\/utcancun.edu.mx\/wp-content\/uploads\/2024\/12\/2-2-320x320.png 320w, https:\/\/utcancun.edu.mx\/wp-content\/uploads\/2024\/12\/2-2-480x480.png 480w, https:\/\/utcancun.edu.mx\/wp-content\/uploads\/2024\/12\/2-2-800x800.png 800w, https:\/\/utcancun.edu.mx\/wp-content\/uploads\/2024\/12\/2-2-100x100.png 100w, https:\/\/utcancun.edu.mx\/wp-content\/uploads\/2024\/12\/2-2.png 1563w\" sizes=\"(max-width: 1024px) 100vw, 1024px\" \/><\/a><\/figure><\/div><\/div>\n<\/div>\n\n\n\n<\/div>\n<div class=\"su-tabs-pane su-u-clearfix su-u-trim\" data-title=\"2024\">\n\n\n\n<p class=\"has-text-align-center\"><strong>2024<\/strong><\/p>\n\n\n<div class=\"wp-block-image\">\n<figure class=\"aligncenter size-large is-resized\"><img decoding=\"async\" src=\"\/wp-content\/uploads\/2024\/12\/post_logo_contraloria_socialf-01_-_copia.jpg\" alt=\"\" style=\"width:380px;height:auto\"\/><\/figure><\/div>\n\n\n<h2 class=\"wp-block-heading alignwide has-text-align-center\" style=\"font-size:19px\"><strong>Contralor\u00eda Social de la Universidad Tecnol\u00f3gica de Canc\u00fan, 202<\/strong>4<strong>.<\/strong><\/h2>\n\n\n\n<div class=\"wp-block-columns is-layout-flex wp-container-core-columns-is-layout-2 wp-block-columns-is-layout-flex\">\n<div class=\"wp-block-column is-layout-flow wp-block-column-is-layout-flow\"><div class=\"wp-block-image\">\n<figure class=\"aligncenter size-large is-resized\"><a href=\"\/index.php\/programa-para-el-desarrollo-profesional-docente-prodep\/\"><img decoding=\"async\" width=\"1024\" height=\"1024\" src=\"http:\/\/192.168.1.237:8018\/wp-content\/uploads\/2024\/12\/1-1024x1024.png\" alt=\"\" class=\"wp-image-1704\" style=\"width:333px;height:auto\" srcset=\"https:\/\/utcancun.edu.mx\/wp-content\/uploads\/2024\/12\/1-1024x1024.png 1024w, https:\/\/utcancun.edu.mx\/wp-content\/uploads\/2024\/12\/1-300x300.png 300w, https:\/\/utcancun.edu.mx\/wp-content\/uploads\/2024\/12\/1-150x150.png 150w, https:\/\/utcancun.edu.mx\/wp-content\/uploads\/2024\/12\/1-768x768.png 768w, https:\/\/utcancun.edu.mx\/wp-content\/uploads\/2024\/12\/1-1536x1536.png 1536w, https:\/\/utcancun.edu.mx\/wp-content\/uploads\/2024\/12\/1-320x320.png 320w, https:\/\/utcancun.edu.mx\/wp-content\/uploads\/2024\/12\/1-480x480.png 480w, https:\/\/utcancun.edu.mx\/wp-content\/uploads\/2024\/12\/1-800x800.png 800w, https:\/\/utcancun.edu.mx\/wp-content\/uploads\/2024\/12\/1-100x100.png 100w, https:\/\/utcancun.edu.mx\/wp-content\/uploads\/2024\/12\/1.png 1563w\" sizes=\"(max-width: 1024px) 100vw, 1024px\" \/><\/a><\/figure><\/div><\/div>\n\n\n\n<div class=\"wp-block-column is-layout-flow wp-block-column-is-layout-flow\"><div class=\"wp-block-image\">\n<figure class=\"aligncenter size-large is-resized\"><a href=\"\/index.php\/contraloria-social-del-programa-u006-subsidios-federales-para-organismos-descentralizados-estatales-2024\/\"><img decoding=\"async\" width=\"1024\" height=\"1024\" src=\"http:\/\/192.168.1.237:8018\/wp-content\/uploads\/2024\/12\/2-2-1024x1024.png\" alt=\"\" class=\"wp-image-1703\" style=\"width:333px\" srcset=\"https:\/\/utcancun.edu.mx\/wp-content\/uploads\/2024\/12\/2-2-1024x1024.png 1024w, https:\/\/utcancun.edu.mx\/wp-content\/uploads\/2024\/12\/2-2-300x300.png 300w, https:\/\/utcancun.edu.mx\/wp-content\/uploads\/2024\/12\/2-2-150x150.png 150w, https:\/\/utcancun.edu.mx\/wp-content\/uploads\/2024\/12\/2-2-768x768.png 768w, https:\/\/utcancun.edu.mx\/wp-content\/uploads\/2024\/12\/2-2-1536x1536.png 1536w, https:\/\/utcancun.edu.mx\/wp-content\/uploads\/2024\/12\/2-2-320x320.png 320w, https:\/\/utcancun.edu.mx\/wp-content\/uploads\/2024\/12\/2-2-480x480.png 480w, https:\/\/utcancun.edu.mx\/wp-content\/uploads\/2024\/12\/2-2-800x800.png 800w, https:\/\/utcancun.edu.mx\/wp-content\/uploads\/2024\/12\/2-2-100x100.png 100w, https:\/\/utcancun.edu.mx\/wp-content\/uploads\/2024\/12\/2-2.png 1563w\" sizes=\"(max-width: 1024px) 100vw, 1024px\" \/><\/a><\/figure><\/div><\/div>\n<\/div>\n\n\n\n<\/div><\/div><\/div><br><\/p>\n\n\n\n<p><\/p>\n","protected":false},"excerpt":{"rendered":"","protected":false},"author":1,"featured_media":0,"parent":0,"menu_order":0,"comment_status":"closed","ping_status":"closed","template":"","meta":{"content-type":"","footnotes":""},"class_list":["post-4504","page","type-page","status-publish","hentry"],"_links":{"self":[{"href":"https:\/\/utcancun.edu.mx\/index.php\/wp-json\/wp\/v2\/pages\/4504","targetHints":{"allow":["GET"]}}],"collection":[{"href":"https:\/\/utcancun.edu.mx\/index.php\/wp-json\/wp\/v2\/pages"}],"about":[{"href":"https:\/\/utcancun.edu.mx\/index.php\/wp-json\/wp\/v2\/types\/page"}],"author":[{"embeddable":true,"href":"https:\/\/utcancun.edu.mx\/index.php\/wp-json\/wp\/v2\/users\/1"}],"replies":[{"embeddable":true,"href":"https:\/\/utcancun.edu.mx\/index.php\/wp-json\/wp\/v2\/comments?post=4504"}],"version-history":[{"count":32,"href":"https:\/\/utcancun.edu.mx\/index.php\/wp-json\/wp\/v2\/pages\/4504\/revisions"}],"predecessor-version":[{"id":4594,"href":"https:\/\/utcancun.edu.mx\/index.php\/wp-json\/wp\/v2\/pages\/4504\/revisions\/4594"}],"wp:attachment":[{"href":"https:\/\/utcancun.edu.mx\/index.php\/wp-json\/wp\/v2\/media?parent=4504"}],"curies":[{"name":"wp","href":"https:\/\/api.w.org\/{rel}","templated":true}]}}