{"id":398,"date":"2024-06-24T18:15:20","date_gmt":"2024-06-25T00:15:20","guid":{"rendered":"http:\/\/192.168.1.237:8018\/?page_id=398"},"modified":"2024-06-24T18:16:06","modified_gmt":"2024-06-25T00:16:06","slug":"tramites-y-servicios","status":"publish","type":"page","link":"https:\/\/utcancun.edu.mx\/index.php\/tramites-y-servicios\/","title":{"rendered":"Tr\u00e1mites y servicios"},"content":{"rendered":"\n<p><a href=\"https:\/\/catalogonacional.gob.mx\/FichaTramite?traHomoclave=UTCANCUN-2022-1854-001-A\">Solicitud de acceso a la informaci\u00f3n p\u00fablica<\/a><\/p>\n\n\n\n<p><a href=\"https:\/\/catalogonacional.gob.mx\/FichaTramite?traHomoclave=UTCANCUN-2022-1854-002-A\">solicitudes para el ejercicio de los derechos de acceso, rectificaci\u00f3n, cancelaci\u00f3n y oposici\u00f3n al tratamiento de los datos personales<\/a><\/p>\n\n\n\n<p><a href=\"https:\/\/catalogonacional.gob.mx\/FichaTramite?traHomoclave=UTCANCUN-2022-1854-003-A\">orientaci\u00f3n y asesor\u00eda en materia de acceso a la informaci\u00f3n p\u00fablica y para el ejercicio de los derechos de acceso, rectificaci\u00f3n, cancelaci\u00f3n y oposici\u00f3n de datos personales (arco)<\/a><\/p>\n\n\n\n<p><a href=\"https:\/\/catalogonacional.gob.mx\/FichaTramite?traHomoclave=UTCANCUN-2022-1854-004-A\">recepci\u00f3n de denuncias por incumplimiento a la publicaci\u00f3n de las obligaciones de transparencia<\/a><\/p>\n\n\n\n<p><a href=\"https:\/\/catalogonacional.gob.mx\/FichaTramite?traHomoclave=UTCANCUN-2022-1854-005-A\">recepci\u00f3n de recursos de revisi\u00f3n en contra de respuestas o falta de respuestas a solicitudes de informaci\u00f3n p\u00fablica y\/o del ejercicio de derechos arco<\/a><\/p>\n\n\n\n<p><strong><a href=\"https:\/\/docs.google.com\/viewerng\/viewer?url=http:\/\/www.utcancun.edu.mx\/wp-content\/uploads\/2016\/07\/CATA%CC%81LOGO-DE-TRA%CC%81MITES-Y-SERVICIOS-DE-LA.pdf\">Cat\u00e1logo de Tr\u00e1mites y Servicios<\/a><\/strong><\/p>\n\n\n<p><strong><div class=\"su-document su-u-responsive-media-yes\"><iframe src=\"\/\/docs.google.com\/viewer?embedded=true&url=http:\/\/www.utcancun.edu.mx\/wp-content\/uploads\/2016\/07\/CATA\u0301LOGO-DE-TRA\u0301MITES-Y-SERVICIOS-DE-LA.pdf\" width=\"600\" height=\"400\" class=\"su-document\" title=\"\"><\/iframe><\/div><\/strong><\/p>\n","protected":false},"excerpt":{"rendered":"<p>Solicitud de acceso a la informaci\u00f3n p\u00fablica solicitudes para el ejercicio de los derechos de acceso, rectificaci\u00f3n, cancelaci\u00f3n y oposici\u00f3n al tratamiento de los datos personales orientaci\u00f3n y asesor\u00eda en materia de acceso a la informaci\u00f3n p\u00fablica y para el ejercicio de los derechos de acceso, rectificaci\u00f3n, cancelaci\u00f3n y oposici\u00f3n de datos personales (arco) recepci\u00f3n [&hellip;]<\/p>\n","protected":false},"author":1,"featured_media":362,"parent":0,"menu_order":0,"comment_status":"closed","ping_status":"closed","template":"","meta":{"content-type":"","footnotes":""},"class_list":["post-398","page","type-page","status-publish","has-post-thumbnail","hentry"],"_links":{"self":[{"href":"https:\/\/utcancun.edu.mx\/index.php\/wp-json\/wp\/v2\/pages\/398","targetHints":{"allow":["GET"]}}],"collection":[{"href":"https:\/\/utcancun.edu.mx\/index.php\/wp-json\/wp\/v2\/pages"}],"about":[{"href":"https:\/\/utcancun.edu.mx\/index.php\/wp-json\/wp\/v2\/types\/page"}],"author":[{"embeddable":true,"href":"https:\/\/utcancun.edu.mx\/index.php\/wp-json\/wp\/v2\/users\/1"}],"replies":[{"embeddable":true,"href":"https:\/\/utcancun.edu.mx\/index.php\/wp-json\/wp\/v2\/comments?post=398"}],"version-history":[{"count":2,"href":"https:\/\/utcancun.edu.mx\/index.php\/wp-json\/wp\/v2\/pages\/398\/revisions"}],"predecessor-version":[{"id":400,"href":"https:\/\/utcancun.edu.mx\/index.php\/wp-json\/wp\/v2\/pages\/398\/revisions\/400"}],"wp:featuredmedia":[{"embeddable":true,"href":"https:\/\/utcancun.edu.mx\/index.php\/wp-json\/wp\/v2\/media\/362"}],"wp:attachment":[{"href":"https:\/\/utcancun.edu.mx\/index.php\/wp-json\/wp\/v2\/media?parent=398"}],"curies":[{"name":"wp","href":"https:\/\/api.w.org\/{rel}","templated":true}]}}