{"id":3887,"date":"2025-07-28T18:52:49","date_gmt":"2025-07-29T00:52:49","guid":{"rendered":"http:\/\/192.168.1.237:8018\/?page_id=3887"},"modified":"2025-11-26T14:13:12","modified_gmt":"2025-11-26T20:13:12","slug":"tu-universidad","status":"publish","type":"page","link":"https:\/\/utcancun.edu.mx\/index.php\/tu-universidad\/","title":{"rendered":"Tu Universidad"},"content":{"rendered":"\n<!-- Font Awesome -->\n<link rel=\"stylesheet\" href=\"https:\/\/cdnjs.cloudflare.com\/ajax\/libs\/font-awesome\/6.4.0\/css\/all.min.css\">\n\n  <!-- AQUI UNICAMENTE ES DISE\u00d1O -->\n\n<style>\n  .oferta-container {\n    max-width: 1100px;\n    margin: 60px auto;\n    text-align: center;\n    font-family: Arial, sans-serif;\n  }\n\n  .oferta-titulo {\n    font-size: 2rem;\n    color: #00263A;\n    margin-bottom: 50px;\n  }\n\n  .tarjetas-grid {\n    display: grid;\n    grid-template-columns: repeat(2, 1fr);\n    gap: 40px;\n    justify-items: center;\n  }\n\n  .tarjeta-oferta {\n    border: 2px solid #00b3a5;\n    padding: 40px 30px;\n    border-radius: 10px;\n    text-align: center;\n    transition: transform 0.3s ease, box-shadow 0.3s ease;\n    height: 300px;\n    display: flex;\n    flex-direction: column;\n    justify-content: space-between;\n    width: 100%;\n    max-width: 100%;\n    box-sizing: border-box;\n  }\n\n  .tarjeta-oferta:hover {\n    transform: translateY(-8px);\n    box-shadow: 0 8px 20px rgba(0, 0, 0, 0.1);\n  }\n\n  .icono-oferta {\n    font-size: 48px;\n    color: #00b3a5;\n  }\n\n  .titulo-oferta {\n    font-size: 24px;\n    color: #00b3a5;\n    font-weight: bold;\n    margin-top: 15px;\n  }\n\n  .texto-oferta {\n    font-size: 16px;\n    color: #444;\n    margin: 20px 0;\n  }\n\n  .boton-oferta {\n    background-color: #00b3a5;\n    color: white;\n    text-decoration: none;\n    padding: 12px 20px;\n    border-radius: 6px;\n    font-weight: bold;\n    font-size: 15px;\n    display: inline-block;\n    transition: background-color 0.3s ease;\n  }\n\n  .boton-oferta:hover {\n    background-color: #008b80;\n  }\n\n  @media screen and (max-width: 768px) {\n    .tarjetas-grid {\n      grid-template-columns: 1fr;\n    }\n\n    .tarjeta-oferta {\n      height: auto;\n    }\n  }\n<\/style>\n\n<div class=\"oferta-container\">\n\n  <h2 class=\"oferta-titulo\">TU UNIVERSIDAD<\/h2>\n\n  <!-- APARTIR DE AQUI SON 6 TARJETAS -->\n  <div class=\"tarjetas-grid\">\n\n    <!-- 1 -->\n    <div class=\"tarjeta-oferta\">\n      <div class=\"icono-oferta\"><i class=\"fas fa-user-graduate\"><\/i><\/div>\n      <div>\n        <div class=\"titulo-oferta\">Servicios Escolares<\/div>\n        <div class=\"texto-oferta\">Informaci\u00f3n acad\u00e9mica y administrativa para estudiantes.<\/div>\n      <\/div>\n      <a href=\"index.php\/servicios-escolares-1\/\" class=\"boton-oferta\">Ir a Servicios <i class=\"fas fa-chevron-right\"><\/i><\/a>\n    <\/div>\n\n    <!-- 2 -->\n    <div class=\"tarjeta-oferta\">\n      <div class=\"icono-oferta\"><i class=\"fas fa-book\"><\/i><\/div>\n      <div>\n        <div class=\"titulo-oferta\">Biblioteca<\/div>\n        <div class=\"texto-oferta\">Consulta de materiales, servicios digitales y recursos educativos.<\/div>\n      <\/div>\n      <a href=\"index.php\/biblioteca-2\/\" class=\"boton-oferta\">Ir a Biblioteca <i class=\"fas fa-chevron-right\"><\/i><\/a>\n    <\/div>\n\n    <!-- 3 -->\n    <div class=\"tarjeta-oferta\">\n      <div class=\"icono-oferta\"><i class=\"fas fa-lightbulb\"><\/i><\/div>\n      <div>\n        <div class=\"titulo-oferta\">Filosof\u00eda<\/div>\n        <div class=\"texto-oferta\">Conoce la misi\u00f3n, visi\u00f3n y valores que gu\u00edan nuestra universidad.<\/div>\n      <\/div>\n      <a href=\"index.php\/filosofia\/\" class=\"boton-oferta\">Ver Filosof\u00eda <i class=\"fas fa-chevron-right\"><\/i><\/a>\n    <\/div>\n\n    <!-- 4 -->\n    <div class=\"tarjeta-oferta\">\n      <div class=\"icono-oferta\"><i class=\"fas fa-landmark\"><\/i><\/div>\n      <div>\n        <div class=\"titulo-oferta\">Historia<\/div>\n        <div class=\"texto-oferta\">Nuestra trayectoria, logros y compromiso con la educaci\u00f3n.<\/div>\n      <\/div>\n      <a href=\"index.php\/historia\/\" class=\"boton-oferta\">Ver Historia <i class=\"fas fa-chevron-right\"><\/i><\/a>\n    <\/div>\n\n    <!-- 5 -->\n    <div class=\"tarjeta-oferta\">\n      <div class=\"icono-oferta\"><i class=\"fas fa-calendar\"><\/i><\/div>\n      <div>\n        <div class=\"titulo-oferta\">Calendario<\/div>\n        <div class=\"texto-oferta\">Consulta las fechas importantes del ciclo escolar 2025.<\/div>\n      <\/div>\n      <a href=\"index.php\/calendario-2025\/\" class=\"boton-oferta\">Ver Calendario <i class=\"fas fa-chevron-right\"><\/i><\/a>\n    <\/div>\n\n    <!-- 6 -->\n    <div class=\"tarjeta-oferta\">\n      <div class=\"icono-oferta\"><i class=\"fas fa-clock\"><\/i><\/div>\n      <div>\n        <div class=\"titulo-oferta\">Horarios<\/div>\n        <div class=\"texto-oferta\">Consulta los horarios de tr\u00e1mites de la Universidad.<\/div>\n      <\/div>\n      <a href=\"\/index.php\/horarios\/\" class=\"boton-oferta\">Ver Horario <i class=\"fas fa-chevron-right\"><\/i><\/a>\n    <\/div>\n\n  <\/div>\n\n<\/div>\n\n","protected":false},"excerpt":{"rendered":"<p>TU UNIVERSIDAD Servicios Escolares Informaci\u00f3n acad\u00e9mica y administrativa para estudiantes. Ir a Servicios Biblioteca Consulta de materiales, servicios digitales y recursos educativos. Ir a Biblioteca Filosof\u00eda Conoce la misi\u00f3n, visi\u00f3n y valores que gu\u00edan nuestra universidad. Ver Filosof\u00eda Historia Nuestra trayectoria, logros y compromiso con la educaci\u00f3n. Ver Historia Calendario Consulta las fechas importantes del [&hellip;]<\/p>\n","protected":false},"author":1,"featured_media":0,"parent":0,"menu_order":0,"comment_status":"closed","ping_status":"closed","template":"","meta":{"content-type":"","footnotes":""},"class_list":["post-3887","page","type-page","status-publish","hentry"],"_links":{"self":[{"href":"https:\/\/utcancun.edu.mx\/index.php\/wp-json\/wp\/v2\/pages\/3887","targetHints":{"allow":["GET"]}}],"collection":[{"href":"https:\/\/utcancun.edu.mx\/index.php\/wp-json\/wp\/v2\/pages"}],"about":[{"href":"https:\/\/utcancun.edu.mx\/index.php\/wp-json\/wp\/v2\/types\/page"}],"author":[{"embeddable":true,"href":"https:\/\/utcancun.edu.mx\/index.php\/wp-json\/wp\/v2\/users\/1"}],"replies":[{"embeddable":true,"href":"https:\/\/utcancun.edu.mx\/index.php\/wp-json\/wp\/v2\/comments?post=3887"}],"version-history":[{"count":10,"href":"https:\/\/utcancun.edu.mx\/index.php\/wp-json\/wp\/v2\/pages\/3887\/revisions"}],"predecessor-version":[{"id":4458,"href":"https:\/\/utcancun.edu.mx\/index.php\/wp-json\/wp\/v2\/pages\/3887\/revisions\/4458"}],"wp:attachment":[{"href":"https:\/\/utcancun.edu.mx\/index.php\/wp-json\/wp\/v2\/media?parent=3887"}],"curies":[{"name":"wp","href":"https:\/\/api.w.org\/{rel}","templated":true}]}}