{"id":1971,"date":"2025-01-06T07:33:31","date_gmt":"2025-01-06T13:33:31","guid":{"rendered":"http:\/\/192.168.1.237:8018\/?page_id=1971"},"modified":"2025-03-11T12:41:57","modified_gmt":"2025-03-11T18:41:57","slug":"ingenieria-naval","status":"publish","type":"page","link":"https:\/\/utcancun.edu.mx\/index.php\/ingenieria-naval\/","title":{"rendered":"Ingenier\u00eda Naval"},"content":{"rendered":"\n<h2 class=\"wp-block-heading has-text-align-center\"><strong><mark style=\"background-color:rgba(0, 0, 0, 0)\" class=\"has-inline-color has-vivid-cyan-blue-color\">LICENCIATURA EN INGENIER\u00cdA<br>EN MANTENIMIENTO INDUSTRIAL<\/mark><\/strong><\/h2>\n\n\n\n<p class=\"has-text-align-center\">T\u00c9CNICO SUPERIOR UNIVERSITARIO EN MANTENIMIENTO \u00c1REA NAVAL<\/p>\n\n\n\n<p><strong><mark style=\"background-color:rgba(0, 0, 0, 0)\" class=\"has-inline-color has-vivid-cyan-blue-color\">Duraci\u00f3n:<\/mark><\/strong>\u00a03 a\u00f1os 4 meses<br><mark style=\"background-color:rgba(0, 0, 0, 0)\" class=\"has-inline-color has-vivid-cyan-blue-color\"><strong>Horario:<\/strong>\u00a0<\/mark>Turno matutino y Turno vespertino. De lunes a viernes.<\/p>\n\n\n\n<div class=\"wp-block-columns is-layout-flex wp-container-core-columns-is-layout-1 wp-block-columns-is-layout-flex\">\n<div class=\"wp-block-column is-layout-flow wp-block-column-is-layout-flow\">\n<p><strong><mark style=\"background-color:rgba(0, 0, 0, 0)\" class=\"has-inline-color has-vivid-cyan-blue-color\">PRIMER CUATRIMESTRE<\/mark><\/strong><\/p>\n\n\n\n<ul class=\"wp-block-list\">\n<li>Ingl\u00e9s I<\/li>\n\n\n\n<li>Desarrollo Humano y Valores<\/li>\n\n\n\n<li>Fundamentos Matem\u00e1ticos<\/li>\n\n\n\n<li>Fundamentos de Mantenimiento<\/li>\n\n\n\n<li>Dibujo Industrial<\/li>\n\n\n\n<li>Seguridad Industrial<\/li>\n\n\n\n<li>Comunicaci\u00f3n y Habilidades Digitales<\/li>\n<\/ul>\n<\/div>\n\n\n\n<div class=\"wp-block-column is-layout-flow wp-block-column-is-layout-flow\">\n<p><strong><mark style=\"background-color:rgba(0, 0, 0, 0)\" class=\"has-inline-color has-vivid-cyan-blue-color\">SEGUNDO CUATRIMESTRE<\/mark><\/strong><\/p>\n\n\n\n<ul class=\"wp-block-list\">\n<li>Ingl\u00e9s II<\/li>\n\n\n\n<li>Habilidades Socioemocionales y Manejo de Conflictos<\/li>\n\n\n\n<li>C\u00e1lculo Diferencial<\/li>\n\n\n\n<li>F\u00edsica<\/li>\n\n\n\n<li>Probabilidad y Estad\u00edstica<\/li>\n\n\n\n<li>Gesti\u00f3n Del Mantenimiento<\/li>\n\n\n\n<li>Termodin\u00e1mica<\/li>\n<\/ul>\n<\/div>\n\n\n\n<div class=\"wp-block-column is-layout-flow wp-block-column-is-layout-flow\">\n<p><strong><mark style=\"background-color:rgba(0, 0, 0, 0)\" class=\"has-inline-color has-vivid-cyan-blue-color\">TERCER CUATRIMESTRE<\/mark><\/strong><\/p>\n\n\n\n<ul class=\"wp-block-list\">\n<li>Ingl\u00e9s III<\/li>\n\n\n\n<li>Desarrollo del Pensamiento y Toma de Decisiones<\/li>\n\n\n\n<li>C\u00e1lculo Integral<\/li>\n\n\n\n<li>Sistemas El\u00e9ctricos<\/li>\n\n\n\n<li>M\u00e1quinas y Mecanismos<\/li>\n\n\n\n<li>Electr\u00f3nica Anal\u00f3gica<\/li>\n\n\n\n<li>Proyecto Integrador I<\/li>\n<\/ul>\n<\/div>\n<\/div>\n\n\n\n<div class=\"wp-block-columns is-layout-flex wp-container-core-columns-is-layout-2 wp-block-columns-is-layout-flex\">\n<div class=\"wp-block-column is-layout-flow wp-block-column-is-layout-flow\">\n<p><strong><mark style=\"background-color:rgba(0, 0, 0, 0)\" class=\"has-inline-color has-vivid-cyan-blue-color\">CUARTO CUATRIMESTRE<\/mark><\/strong><\/p>\n\n\n\n<ul class=\"wp-block-list\">\n<li>Ingl\u00e9s IV<\/li>\n\n\n\n<li>\u00c9tica Profesional<\/li>\n\n\n\n<li>C\u00e1lculo de Varias Variables<\/li>\n\n\n\n<li>Teor\u00eda de Las Embarcaciones<\/li>\n\n\n\n<li>Maquinaria Mar\u00edtima Auxiliar I<\/li>\n\n\n\n<li>Electr\u00f3nica Digital<\/li>\n\n\n\n<li>Sistemas Neum\u00e1ticos E Hidr\u00e1ulicos<\/li>\n<\/ul>\n<\/div>\n\n\n\n<div class=\"wp-block-column is-layout-flow wp-block-column-is-layout-flow\">\n<p><strong><mark style=\"background-color:rgba(0, 0, 0, 0)\" class=\"has-inline-color has-vivid-cyan-blue-color\">QUINTO CUATRIMESTRE<\/mark><\/strong><\/p>\n\n\n\n<ul class=\"wp-block-list\">\n<li>Ingl\u00e9s V<\/li>\n\n\n\n<li>Liderazgo de Equipos de Alto Desempe\u00f1o<\/li>\n\n\n\n<li>Ecuaciones Diferenciales<\/li>\n\n\n\n<li>Mantenimiento al Casco y Superestructura<\/li>\n\n\n\n<li>Maquinaria Mar\u00edtima Auxiliar II<\/li>\n\n\n\n<li>Motores, Propulsores y Maquinado de Mecanismos<br>Marinos<\/li>\n\n\n\n<li>Proyecto integrador II<\/li>\n<\/ul>\n<\/div>\n\n\n\n<div class=\"wp-block-column is-layout-flow wp-block-column-is-layout-flow\">\n<p><strong><mark style=\"background-color:rgba(0, 0, 0, 0)\" class=\"has-inline-color has-vivid-cyan-blue-color\">SEXTO CUATRIMESTRE<\/mark><\/strong><\/p>\n\n\n\n<ul class=\"wp-block-list\">\n<li>Estad\u00eda profesional<\/li>\n<\/ul>\n<\/div>\n<\/div>\n\n\n\n<div class=\"wp-block-columns is-layout-flex wp-container-core-columns-is-layout-3 wp-block-columns-is-layout-flex\">\n<div class=\"wp-block-column is-layout-flow wp-block-column-is-layout-flow\">\n<p><mark style=\"background-color:rgba(0, 0, 0, 0)\" class=\"has-inline-color has-vivid-cyan-blue-color\"><strong>S\u00c9PTIMO CUATRIMESTRE<\/strong><\/mark><\/p>\n\n\n\n<ul class=\"wp-block-list\">\n<li>Ingl\u00e9s VI<\/li>\n\n\n\n<li>Habilidades Gerenciales<\/li>\n\n\n\n<li>F\u00edsica para Ingenier\u00eda<\/li>\n\n\n\n<li>Administraci\u00f3n Estrategica para Mantenimiento<\/li>\n\n\n\n<li>Tribolog\u00eda<\/li>\n\n\n\n<li>Instalaciones El\u00e9ctricas<\/li>\n\n\n\n<li>M\u00e9todos y Sistemas de Trabajo<\/li>\n<\/ul>\n<\/div>\n\n\n\n<div class=\"wp-block-column is-layout-flow wp-block-column-is-layout-flow\">\n<p><strong><mark style=\"background-color:rgba(0, 0, 0, 0)\" class=\"has-inline-color has-vivid-cyan-blue-color\">OCTAVO CUATRIMESTRE<\/mark><\/strong><\/p>\n\n\n\n<ul class=\"wp-block-list\">\n<li>Ingl\u00e9s VII<\/li>\n\n\n\n<li>Ingenier\u00eda Econ\u00f3mica<\/li>\n\n\n\n<li>Mantenimiento Predictivo Mec\u00e1nico<\/li>\n\n\n\n<li>T\u00e9cnicas TPM y RCM<\/li>\n\n\n\n<li>Ensayos Destructivos<\/li>\n\n\n\n<li>Sistemas Automatizados y Redes Industriales<\/li>\n\n\n\n<li>Protocolos de Operaci\u00f3n y Mantenimiento<\/li>\n<\/ul>\n<\/div>\n\n\n\n<div class=\"wp-block-column is-layout-flow wp-block-column-is-layout-flow\">\n<p><strong><mark style=\"background-color:rgba(0, 0, 0, 0)\" class=\"has-inline-color has-vivid-cyan-blue-color\">NOVENO CUATRIMESTRE<\/mark><\/strong><\/p>\n\n\n\n<ul class=\"wp-block-list\">\n<li>Ingl\u00e9s VIII<\/li>\n\n\n\n<li>Gesti\u00f3n Ambiental<\/li>\n\n\n\n<li>Manufactura Asistida Por Computadora<\/li>\n\n\n\n<li>Gesti\u00f3n Del Talento Humano<\/li>\n\n\n\n<li>Ensayos No Destructivos<\/li>\n\n\n\n<li>Visualizaci\u00f3n y Control de Procesos<\/li>\n\n\n\n<li>Proyecto integrador III<\/li>\n<\/ul>\n<\/div>\n<\/div>\n\n\n\n<div class=\"wp-block-columns is-layout-flex wp-container-core-columns-is-layout-4 wp-block-columns-is-layout-flex\">\n<div class=\"wp-block-column is-layout-flow wp-block-column-is-layout-flow\">\n<p><strong><mark style=\"background-color:rgba(0, 0, 0, 0)\" class=\"has-inline-color has-vivid-cyan-blue-color\">D\u00c9CIMO CUATRIMESTRE<\/mark><\/strong><\/p>\n\n\n\n<ul class=\"wp-block-list\">\n<li>Estad\u00eda profesional<\/li>\n<\/ul>\n<\/div>\n\n\n\n<div class=\"wp-block-column is-layout-flow wp-block-column-is-layout-flow\"><\/div>\n<\/div>\n\n\n\n<p class=\"has-text-align-center\"><strong>Para mayores informes:<\/strong><\/p>\n\n\n\n<p class=\"has-text-align-center\"><strong><a href=\"mailto:rarceo@utcancun.edu.mx\" target=\"_blank\" rel=\"noreferrer noopener\">Dra. Roc\u00edo Arceo D\u00edaz<\/a><\/strong><br>Directora&nbsp;de la Direcci\u00f3n de Ingenier\u00eda y Tecnolog\u00eda<br>(Mantenimiento Industrial, Tecnolog\u00edas de la Informaci\u00f3n)<br>Tel. 881 1900 Ext. 1256<\/p>\n","protected":false},"excerpt":{"rendered":"<p>LICENCIATURA EN INGENIER\u00cdAEN MANTENIMIENTO INDUSTRIAL T\u00c9CNICO SUPERIOR UNIVERSITARIO EN MANTENIMIENTO \u00c1REA NAVAL Duraci\u00f3n:\u00a03 a\u00f1os 4 mesesHorario:\u00a0Turno matutino y Turno vespertino. De lunes a viernes. PRIMER CUATRIMESTRE SEGUNDO CUATRIMESTRE TERCER CUATRIMESTRE CUARTO CUATRIMESTRE QUINTO CUATRIMESTRE SEXTO CUATRIMESTRE S\u00c9PTIMO CUATRIMESTRE OCTAVO CUATRIMESTRE NOVENO CUATRIMESTRE D\u00c9CIMO CUATRIMESTRE Para mayores informes: Dra. Roc\u00edo Arceo D\u00edazDirectora&nbsp;de la Direcci\u00f3n de Ingenier\u00eda [&hellip;]<\/p>\n","protected":false},"author":1,"featured_media":0,"parent":0,"menu_order":0,"comment_status":"closed","ping_status":"closed","template":"","meta":{"content-type":"","footnotes":""},"class_list":["post-1971","page","type-page","status-publish","hentry"],"_links":{"self":[{"href":"https:\/\/utcancun.edu.mx\/index.php\/wp-json\/wp\/v2\/pages\/1971","targetHints":{"allow":["GET"]}}],"collection":[{"href":"https:\/\/utcancun.edu.mx\/index.php\/wp-json\/wp\/v2\/pages"}],"about":[{"href":"https:\/\/utcancun.edu.mx\/index.php\/wp-json\/wp\/v2\/types\/page"}],"author":[{"embeddable":true,"href":"https:\/\/utcancun.edu.mx\/index.php\/wp-json\/wp\/v2\/users\/1"}],"replies":[{"embeddable":true,"href":"https:\/\/utcancun.edu.mx\/index.php\/wp-json\/wp\/v2\/comments?post=1971"}],"version-history":[{"count":3,"href":"https:\/\/utcancun.edu.mx\/index.php\/wp-json\/wp\/v2\/pages\/1971\/revisions"}],"predecessor-version":[{"id":2772,"href":"https:\/\/utcancun.edu.mx\/index.php\/wp-json\/wp\/v2\/pages\/1971\/revisions\/2772"}],"wp:attachment":[{"href":"https:\/\/utcancun.edu.mx\/index.php\/wp-json\/wp\/v2\/media?parent=1971"}],"curies":[{"name":"wp","href":"https:\/\/api.w.org\/{rel}","templated":true}]}}