{"id":1896,"date":"2024-12-20T12:49:48","date_gmt":"2024-12-20T18:49:48","guid":{"rendered":"http:\/\/192.168.1.237:8018\/?page_id=1896"},"modified":"2025-03-12T15:50:16","modified_gmt":"2025-03-12T21:50:16","slug":"licenciatura-en-gestion-del-bienestar","status":"publish","type":"page","link":"https:\/\/utcancun.edu.mx\/index.php\/licenciatura-en-gestion-del-bienestar\/","title":{"rendered":"LICENCIATURA EN GESTI\u00d3N DEL BIENESTAR"},"content":{"rendered":"\n<p class=\"has-text-align-center\"><strong><mark style=\"background-color:rgba(0, 0, 0, 0)\" class=\"has-inline-color has-vivid-cyan-blue-color\">LICENCIATURA EN GESTI\u00d3N DEL BIENESTAR<\/mark><\/strong><\/p>\n\n\n\n<p>El T\u00e9cnico Superior Universitario (T. S. U.) ser\u00e1 la primera parte de tus estudios de nivel superior, tiene una duraci\u00f3n de 2 a\u00f1os 4 meses en la modalidad Biling\u00fce Internacional y Sustentable (BIS)<\/p>\n\n\n\n<p><mark style=\"background-color:rgba(0, 0, 0, 0)\" class=\"has-inline-color has-vivid-cyan-blue-color\"><strong>Duraci\u00f3n:<\/strong><\/mark>\u00a03 a\u00f1os 4 meses<br><strong><mark style=\"background-color:rgba(0, 0, 0, 0)\" class=\"has-inline-color has-vivid-cyan-blue-color\">Horario: <\/mark><\/strong>Turno matutino y Turno vespertino. De lunes a viernes.<\/p>\n\n\n\n<p>El modelo educativo es de manera escolarizado presencial y se divide en 6 cuatrimestres con la siguiente carga ducativo es de manera escolarizado presencial y se divide en 6 cuatrimestres con la siguiente carga de materias:<\/p>\n\n\n\n<div class=\"wp-block-columns is-layout-flex wp-container-core-columns-is-layout-1 wp-block-columns-is-layout-flex\">\n<div class=\"wp-block-column is-layout-flow wp-block-column-is-layout-flow\">\n<p><strong><mark style=\"background-color:rgba(0, 0, 0, 0)\" class=\"has-inline-color has-vivid-cyan-blue-color\">PRIMER CUATRIMESTRE<\/mark><\/strong><\/p>\n\n\n\n<ul class=\"wp-block-list\">\n<li>Ingl\u00e9s I<\/li>\n\n\n\n<li>Desarrollo Humano y valores<\/li>\n\n\n\n<li>Fundamentos matem\u00e1ticos<\/li>\n\n\n\n<li>Bases de bioqu\u00edmica y biolog\u00eda celular<\/li>\n\n\n\n<li>Introducci\u00f3n a la gesti\u00f3n del bienestar<\/li>\n\n\n\n<li>Estructura humana I<\/li>\n\n\n\n<li>Comunicaci\u00f3n y habilidades digitales<\/li>\n<\/ul>\n<\/div>\n\n\n\n<div class=\"wp-block-column is-layout-flow wp-block-column-is-layout-flow\">\n<p><strong><mark style=\"background-color:rgba(0, 0, 0, 0)\" class=\"has-inline-color has-vivid-cyan-blue-color\">SEGUNDO CUATRIMESTRE<\/mark><\/strong><\/p>\n\n\n\n<ul class=\"wp-block-list\">\n<li>Ingl\u00e9s II<\/li>\n\n\n\n<li>Habilidades socioemocionales y manejo de conflictos<\/li>\n\n\n\n<li>Estructura humana II<\/li>\n\n\n\n<li>Qu\u00edmica cosm\u00e9tica<\/li>\n\n\n\n<li>Operatividad de centros de bienestar I<\/li>\n\n\n\n<li>Alteraciones de la estructura humana I<\/li>\n\n\n\n<li>Herramientas ofim\u00e1ticas<\/li>\n<\/ul>\n<\/div>\n\n\n\n<div class=\"wp-block-column is-layout-flow wp-block-column-is-layout-flow\">\n<p><strong><mark style=\"background-color:rgba(0, 0, 0, 0)\" class=\"has-inline-color has-vivid-cyan-blue-color\">TERCER CUATRIMESTRE<\/mark><\/strong><\/p>\n\n\n\n<ul class=\"wp-block-list\">\n<li>Ingl\u00e9s III<\/li>\n\n\n\n<li>Desarrollo del pensamiento y toma de decisiones<\/li>\n\n\n\n<li>Alteraci\u00f3n de estructura humana II<\/li>\n\n\n\n<li>Cosmetolog\u00eda I<\/li>\n\n\n\n<li>Operatividad de centros de bienestar II<\/li>\n\n\n\n<li>Calidad en el servicio<\/li>\n\n\n\n<li>Proyecto integrador I<\/li>\n<\/ul>\n<\/div>\n<\/div>\n\n\n\n<div class=\"wp-block-columns is-layout-flex wp-container-core-columns-is-layout-2 wp-block-columns-is-layout-flex\">\n<div class=\"wp-block-column is-layout-flow wp-block-column-is-layout-flow\">\n<p><strong><mark style=\"background-color:rgba(0, 0, 0, 0)\" class=\"has-inline-color has-vivid-cyan-blue-color\">CUARTO CUATRIMESTRE<\/mark><\/strong><\/p>\n\n\n\n<ul class=\"wp-block-list\">\n<li>Ingl\u00e9s IV<\/li>\n\n\n\n<li>\u00c9tica profesional<\/li>\n\n\n\n<li>Hidroterapia y termoterapia del bienestar<\/li>\n\n\n\n<li>Cosmetolog\u00eda II<\/li>\n\n\n\n<li>Dise\u00f1o de experiencias del bienestar<\/li>\n\n\n\n<li>T\u00e9cnicas manuales I<\/li>\n\n\n\n<li>Costos y presupuestos<\/li>\n<\/ul>\n<\/div>\n\n\n\n<div class=\"wp-block-column is-layout-flow wp-block-column-is-layout-flow\">\n<p><strong><mark style=\"background-color:rgba(0, 0, 0, 0)\" class=\"has-inline-color has-vivid-cyan-blue-color\">QUINTO CUATRIMESTRE<\/mark><\/strong><\/p>\n\n\n\n<ul class=\"wp-block-list\">\n<li>Ingl\u00e9s V<\/li>\n\n\n\n<li>Liderazgo de equipos de alto desempe\u00f1o<\/li>\n\n\n\n<li>T\u00e9cnicas complementarias<\/li>\n\n\n\n<li>Aparatolog\u00eda<\/li>\n\n\n\n<li>Comercializaci\u00f3n<\/li>\n\n\n\n<li>T\u00e9cnicas manuales II<\/li>\n\n\n\n<li>Proyecto integrador II<\/li>\n<\/ul>\n<\/div>\n\n\n\n<div class=\"wp-block-column is-layout-flow wp-block-column-is-layout-flow\">\n<p><strong><mark style=\"background-color:rgba(0, 0, 0, 0)\" class=\"has-inline-color has-vivid-cyan-blue-color\">SEXTO CUATRIMESTRE<\/mark><\/strong><\/p>\n\n\n\n<ul class=\"wp-block-list\">\n<li>Estad\u00eda Profesional  ***<\/li>\n<\/ul>\n<\/div>\n<\/div>\n\n\n\n<p style=\"font-size:14px\"><strong>*** El periodo de estad\u00edas es una pr\u00e1ctica profesional que permite a los y las estudiantes aplicar los conocimientos y habilidades adquiridos en las aulas de clases y complementar su formaci\u00f3n dentro de la operaci\u00f3n real de una empresa del sector productivo.<\/strong><\/p>\n\n\n\n<p><\/p>\n\n\n\n<hr class=\"wp-block-separator has-alpha-channel-opacity is-style-wide\"\/>\n\n\n\n<p>Al obtener tu titulo como T\u00e9cnico Superior Universitario, podr\u00e1s continuar con tus estudios para alcanzar el nivel de Licenciatura, para ello ser\u00e1 necesario que hayas acreditado todas tus materias del nivel TSU y culminado tus estad\u00edas profesionales.&nbsp;<\/p>\n\n\n\n<div class=\"wp-block-columns is-layout-flex wp-container-core-columns-is-layout-3 wp-block-columns-is-layout-flex\">\n<div class=\"wp-block-column is-layout-flow wp-block-column-is-layout-flow\">\n<p><mark style=\"background-color:rgba(0, 0, 0, 0)\" class=\"has-inline-color has-vivid-cyan-blue-color\"><strong>7mo CUATRIMESTRE<\/strong><\/mark><br><\/p>\n\n\n\n<ul class=\"wp-block-list\">\n<li>Ingl\u00e9s VI<\/li>\n\n\n\n<li>Habilidades gerenciales<\/li>\n\n\n\n<li>Promoci\u00f3n de estilos de vida saludables I<\/li>\n\n\n\n<li>Cosmetolog\u00eda avanzada<\/li>\n\n\n\n<li>Mercadotecnia aplicada en los centros de bienestar<\/li>\n\n\n\n<li>T\u00e9cnicas manuales avanzadas<\/li>\n\n\n\n<li>Administraci\u00f3n aplicada a los centros de bienestar<\/li>\n<\/ul>\n<\/div>\n\n\n\n<div class=\"wp-block-column is-layout-flow wp-block-column-is-layout-flow\">\n<p><mark style=\"background-color:rgba(0, 0, 0, 0)\" class=\"has-inline-color has-vivid-cyan-blue-color\"><strong>8vo CUATRIMESTRE<\/strong><\/mark><br><\/p>\n\n\n\n<ul class=\"wp-block-list\">\n<li>Ingl\u00e9s VII<\/li>\n\n\n\n<li>Diagn\u00f3stico situacional del bienestar en M\u00e9xico<\/li>\n\n\n\n<li>Promoci\u00f3n de estilos de vida saludables II<\/li>\n\n\n\n<li>Cosmetolog\u00eda avanzada II<\/li>\n\n\n\n<li>Gesti\u00f3n de talento humano<\/li>\n\n\n\n<li>Consultor\u00eda del bienestar I<\/li>\n\n\n\n<li>Normatividad aplicada a los centros de bienestar<\/li>\n<\/ul>\n\n\n\n<p><\/p>\n<\/div>\n\n\n\n<div class=\"wp-block-column is-layout-flow wp-block-column-is-layout-flow\">\n<p><mark style=\"background-color:rgba(0, 0, 0, 0)\" class=\"has-inline-color has-vivid-cyan-blue-color\"><strong>9no CUATRIMESTRE<\/strong><\/mark><br><\/p>\n\n\n\n<ul class=\"wp-block-list\">\n<li>Ingl\u00e9s VIII<\/li>\n\n\n\n<li>Emprendedurismo e innovaci\u00f3n<\/li>\n\n\n\n<li>Dise\u00f1os de centros de bienestar<\/li>\n\n\n\n<li>Sustentabilidad aplicada a la cosmetolog\u00eda<\/li>\n\n\n\n<li>Auditor\u00eda administrativa y operativa<\/li>\n\n\n\n<li>Consultor\u00eda del bienestar II<\/li>\n\n\n\n<li>Proyecto integrador III<\/li>\n<\/ul>\n\n\n\n<p><\/p>\n<\/div>\n<\/div>\n\n\n\n<p><strong><mark style=\"background-color:rgba(0, 0, 0, 0)\" class=\"has-inline-color has-vivid-cyan-blue-color\">10mo CUATRIMESTRE<\/mark><\/strong><\/p>\n\n\n\n<ul class=\"wp-block-list\">\n<li>Estad\u00eda profesional <\/li>\n<\/ul>\n\n\n\n<p class=\"has-text-align-center\"><\/p>\n\n\n\n<p class=\"has-text-align-center\"><strong>Duraci\u00f3n total de la carrera: 3 a\u00f1os y 4 meses<\/strong><\/p>\n\n\n\n<p class=\"has-text-align-center\"><strong>Para mayores informes:<\/strong><br><a href=\"mailto:mrecio@utcancun.edu.mx.edu.mx\" target=\"_blank\" rel=\"noreferrer noopener\">Mtra. Mariana Recio L\u00f3pez<\/a><br>Directora de la Divisi\u00f3n Turismo<br>Tel: 881 1900 Ext. 1190<\/p>\n","protected":false},"excerpt":{"rendered":"<p>LICENCIATURA EN GESTI\u00d3N DEL BIENESTAR El T\u00e9cnico Superior Universitario (T. S. U.) ser\u00e1 la primera parte de tus estudios de nivel superior, tiene una duraci\u00f3n de 2 a\u00f1os 4 meses en la modalidad Biling\u00fce Internacional y Sustentable (BIS) Duraci\u00f3n:\u00a03 a\u00f1os 4 mesesHorario: Turno matutino y Turno vespertino. De lunes a viernes. El modelo educativo es [&hellip;]<\/p>\n","protected":false},"author":1,"featured_media":0,"parent":0,"menu_order":0,"comment_status":"closed","ping_status":"closed","template":"","meta":{"content-type":"","footnotes":""},"class_list":["post-1896","page","type-page","status-publish","hentry"],"_links":{"self":[{"href":"https:\/\/utcancun.edu.mx\/index.php\/wp-json\/wp\/v2\/pages\/1896","targetHints":{"allow":["GET"]}}],"collection":[{"href":"https:\/\/utcancun.edu.mx\/index.php\/wp-json\/wp\/v2\/pages"}],"about":[{"href":"https:\/\/utcancun.edu.mx\/index.php\/wp-json\/wp\/v2\/types\/page"}],"author":[{"embeddable":true,"href":"https:\/\/utcancun.edu.mx\/index.php\/wp-json\/wp\/v2\/users\/1"}],"replies":[{"embeddable":true,"href":"https:\/\/utcancun.edu.mx\/index.php\/wp-json\/wp\/v2\/comments?post=1896"}],"version-history":[{"count":11,"href":"https:\/\/utcancun.edu.mx\/index.php\/wp-json\/wp\/v2\/pages\/1896\/revisions"}],"predecessor-version":[{"id":2816,"href":"https:\/\/utcancun.edu.mx\/index.php\/wp-json\/wp\/v2\/pages\/1896\/revisions\/2816"}],"wp:attachment":[{"href":"https:\/\/utcancun.edu.mx\/index.php\/wp-json\/wp\/v2\/media?parent=1896"}],"curies":[{"name":"wp","href":"https:\/\/api.w.org\/{rel}","templated":true}]}}