{"id":1747,"date":"2024-12-11T08:55:53","date_gmt":"2024-12-11T14:55:53","guid":{"rendered":"http:\/\/192.168.1.237:8018\/?page_id=1747"},"modified":"2025-08-11T13:08:14","modified_gmt":"2025-08-11T19:08:14","slug":"contraloria-social-del-programa-u006-subsidios-federales-para-organismos-descentralizados-estatales-2024","status":"publish","type":"page","link":"https:\/\/utcancun.edu.mx\/index.php\/contraloria-social-del-programa-u006-subsidios-federales-para-organismos-descentralizados-estatales-2024\/","title":{"rendered":"Contralor\u00eda Social del Programa U006 \u201cSubsidios Federales para Organismos Descentralizados Estatales\u201d, 2025."},"content":{"rendered":"\n<p class=\"has-text-align-center\"><strong>Contralor\u00eda Social del Programa U006 \u201cSubsidios Federales para Organismos Descentralizados Estatales\u201d, 2025.<\/strong><\/p>\n\n\n\n<div class=\"su-spoiler su-spoiler-style-default su-spoiler-icon-plus su-spoiler-closed\" data-scroll-offset=\"0\" data-anchor-in-url=\"no\"><div class=\"su-spoiler-title\" tabindex=\"0\" role=\"button\"><span class=\"su-spoiler-icon\"><\/span>Documentos Normativos<\/div><div class=\"su-spoiler-content su-u-clearfix su-u-trim\">\n\n\n\n<ul class=\"wp-block-list\">\n<li><a href=\"\/wp-content\/uploads\/2024\/12\/Esquema-U006.pdf\">Esquema<\/a><\/li>\n\n\n\n<li><a href=\"\/wp-content\/uploads\/2024\/12\/Gui\u0301a-Operativa-U006.pdf\">Gu\u00eda operativa <\/a><\/li>\n\n\n\n<li><a href=\"\/wp-content\/uploads\/2024\/12\/PATCS-U006.pdf\">PATCS<\/a><\/li>\n<\/ul>\n\n\n\n<\/div><\/div>\n\n\n\n<div class=\"su-spoiler su-spoiler-style-default su-spoiler-icon-plus su-spoiler-closed\" data-scroll-offset=\"0\" data-anchor-in-url=\"no\"><div class=\"su-spoiler-title\" tabindex=\"0\" role=\"button\"><span class=\"su-spoiler-icon\"><\/span>Formatos<\/div><div class=\"su-spoiler-content su-u-clearfix su-u-trim\">\n\n\n\n<ul class=\"wp-block-list\">\n<li><a href=\"\/wp-content\/uploads\/2024\/12\/Anexo-1-Aca-de-constitucio\u0301n-de-CCS.docx\">Acta de Constituci\u00f3n<\/a><\/li>\n\n\n\n<li><a href=\"\/wp-content\/uploads\/2024\/12\/Anexo-2-Acta-de-Sustitucion.docx\">Acta de Sustituci\u00f3n<\/a><\/li>\n\n\n\n<li><a href=\"\/wp-content\/uploads\/2024\/12\/Anexo-3-Minuta-de-Reuio\u0301n-1.docx\">Minuta de reuni\u00f3n <\/a><\/li>\n\n\n\n<li><a href=\"\/wp-content\/uploads\/2024\/12\/Anexo-4-Informe-del-CCS.xlsx\">Informe del CCS<\/a><\/li>\n\n\n\n<li><a href=\"\/wp-content\/uploads\/2024\/12\/Ce\u0301dula-de-quejas-y-denuncias.docx\">C\u00e9dula de quejas y denuncias <\/a><\/li>\n\n\n\n<li><a href=\"\/wp-content\/uploads\/2024\/12\/Control-de-Quejas-y-Denuncias.docx\">Control de quejas y denuncias <\/a><\/li>\n<\/ul>\n\n\n\n<\/div><\/div>\n\n\n\n<div class=\"su-spoiler su-spoiler-style-default su-spoiler-icon-plus su-spoiler-closed\" data-scroll-offset=\"0\" data-anchor-in-url=\"no\"><div class=\"su-spoiler-title\" tabindex=\"0\" role=\"button\"><span class=\"su-spoiler-icon\"><\/span>Marco Normativo<\/div><div class=\"su-spoiler-content su-u-clearfix su-u-trim\">\n\n\n\n<ul class=\"wp-block-list\">\n<li><a href=\"\/wp-content\/uploads\/2024\/12\/Criterios-generales-para-la-Distribucio\u0301n-del-PPU006.pdf\">Criterios generales para la Distribucio\u0301n del PPU006<\/a><\/li>\n\n\n\n<li><a href=\"\/wp-content\/uploads\/2024\/12\/Ley-general-de-Desarrollo-Social-LGDS.pdf\">Ley general de Desarrollo Social LGDS<\/a><\/li>\n\n\n\n<li><a href=\"\/wp-content\/uploads\/2024\/12\/Lineamientos-para-la-PROOPYSEG-DE-CS-2023.pdf\">Lineamientos para la PROOPYSEG DE CS 2023<\/a><\/li>\n\n\n\n<li><a href=\"\/wp-content\/uploads\/2024\/12\/Reg_LGDS.pdf\">Reglamento de la ley general de desarrollo social<\/a> <br><\/li>\n<\/ul>\n\n\n\n<\/div><\/div>\n\n\n\n<div class=\"su-spoiler su-spoiler-style-default su-spoiler-icon-plus su-spoiler-closed\" data-scroll-offset=\"0\" data-anchor-in-url=\"no\"><div class=\"su-spoiler-title\" tabindex=\"0\" role=\"button\"><span class=\"su-spoiler-icon\"><\/span>Materiales de difusi\u00f3n<\/div><div class=\"su-spoiler-content su-u-clearfix su-u-trim\">\n\n\n\n<figure class=\"wp-block-image size-large\"><img fetchpriority=\"high\" decoding=\"async\" width=\"805\" height=\"1024\" src=\"http:\/\/192.168.1.237:8018\/wp-content\/uploads\/2024\/12\/IMG_4016-805x1024.jpg\" alt=\"\" class=\"wp-image-1828\" srcset=\"https:\/\/utcancun.edu.mx\/wp-content\/uploads\/2024\/12\/IMG_4016-805x1024.jpg 805w, https:\/\/utcancun.edu.mx\/wp-content\/uploads\/2024\/12\/IMG_4016-236x300.jpg 236w, https:\/\/utcancun.edu.mx\/wp-content\/uploads\/2024\/12\/IMG_4016-768x976.jpg 768w, https:\/\/utcancun.edu.mx\/wp-content\/uploads\/2024\/12\/IMG_4016-320x407.jpg 320w, https:\/\/utcancun.edu.mx\/wp-content\/uploads\/2024\/12\/IMG_4016-480x610.jpg 480w, https:\/\/utcancun.edu.mx\/wp-content\/uploads\/2024\/12\/IMG_4016-800x1017.jpg 800w, https:\/\/utcancun.edu.mx\/wp-content\/uploads\/2024\/12\/IMG_4016.jpg 1179w\" sizes=\"(max-width: 805px) 100vw, 805px\" \/><\/figure>\n\n\n\n<ul class=\"wp-block-list\">\n<li><a href=\"\/wp-content\/uploads\/2024\/12\/4-TRIPTICO_UTC_Que\u0301-es-Contralori\u0301a-social-2024.pdf\">\u00bfQue es la Contralor\u00eda social? <\/a><\/li>\n\n\n\n<li><a href=\"\/wp-content\/uploads\/2024\/12\/1-Convocatoria_DGUTyP_CS-U006-2024-1.pdf\">Convocatoria <\/a><\/li>\n\n\n\n<li><a href=\"\/wp-content\/uploads\/2024\/12\/2-TRIPTICO_DGUTyP_CS-U006-24.pdf\">Tr\u00edptico <\/a><\/li>\n<\/ul>\n\n\n\n<\/div><\/div>\n\n\n\n<div class=\"su-spoiler su-spoiler-style-default su-spoiler-icon-plus su-spoiler-closed\" data-scroll-offset=\"0\" data-anchor-in-url=\"no\"><div class=\"su-spoiler-title\" tabindex=\"0\" role=\"button\"><span class=\"su-spoiler-icon\"><\/span>Material de capacitaci\u00f3n<\/div><div class=\"su-spoiler-content su-u-clearfix su-u-trim\">\n\n\n\n<ul class=\"wp-block-list\">\n<li><a href=\"\/wp-content\/uploads\/2024\/12\/Material-de-Capacitacio\u0301n-CCS_UTC_.pdf\">Material de capacitaci\u00f3n <\/a><\/li>\n<\/ul>\n\n\n\n<\/div><\/div>\n\n\n\n<div class=\"su-spoiler su-spoiler-style-default su-spoiler-icon-plus su-spoiler-closed\" data-scroll-offset=\"0\" data-anchor-in-url=\"no\"><div class=\"su-spoiler-title\" tabindex=\"0\" role=\"button\"><span class=\"su-spoiler-icon\"><\/span>Direcci\u00f3n<\/div><div class=\"su-spoiler-content su-u-clearfix su-u-trim\">\n\n\n\n<ul class=\"wp-block-list\">\n<li><a href=\"http:\/\/192.168.1.237:8018\/wp-content\/uploads\/2024\/12\/DGUTyP-U006-CS.pdf\">U006 Programa subsidios para organismos descentralizados estatales  <\/a><\/li>\n<\/ul>\n\n\n\n<\/div><\/div>\n\n\n\n<div class=\"su-spoiler su-spoiler-style-default su-spoiler-icon-plus su-spoiler-closed\" data-scroll-offset=\"0\" data-anchor-in-url=\"no\"><div class=\"su-spoiler-title\" tabindex=\"0\" role=\"button\"><span class=\"su-spoiler-icon\"><\/span>Atenci\u00f3n a quejas y denuncias<\/div><div class=\"su-spoiler-content su-u-clearfix su-u-trim\">\n\n\n\n<ul class=\"wp-block-list\">\n<li><a href=\"\/wp-content\/uploads\/2024\/12\/ATENCION-CIUDADANA-SFP-U006-CS.pdf\">Atenci\u00f3n ciudadana <\/a><\/li>\n\n\n\n<li><a href=\"\/wp-content\/uploads\/2024\/12\/DGUTyP-CS-QyD.pdf\">Programa subsidios para organismos descentralizados estatales <\/a><\/li>\n<\/ul>\n\n\n\n<p><\/p>\n\n\n\n<\/div><\/div>\n\n\n\n<p class=\"has-text-align-center\">Enlace de Contralor\u00eda Social del Programa U006, 2024.<\/p>\n\n\n\n<p class=\"has-text-align-center\">Lic. Salvador Carrera Bautista<\/p>\n\n\n\n<p class=\"has-text-align-center\">Tel\u00e9fono: (998) 881 1900 Ext. 1240 y 1250<\/p>\n\n\n\n<p class=\"has-text-align-center\">Correo electr\u00f3nico: <a href=\"mailto:scarrera@utcancun.edu.mx\">scarrera@utcancun.edu.mx<\/a><\/p>\n\n\n\n<p class=\"has-text-align-center\">\u201cEste programa es p\u00fablico ajeno a cualquier partido pol\u00edtico. Queda prohibido el uso para fines distintos a los establecidos en el programa. Quien haga uso indebido de los recursos de este programa deber\u00e1 ser denunciado y sancionado con la ley aplicable y ante la autoridad competente\u201d.<\/p>\n\n\n\n<p><\/p>\n","protected":false},"excerpt":{"rendered":"<p>Contralor\u00eda Social del Programa U006 \u201cSubsidios Federales para Organismos Descentralizados Estatales\u201d, 2025. Enlace de Contralor\u00eda Social del Programa U006, 2024. Lic. Salvador Carrera Bautista Tel\u00e9fono: (998) 881 1900 Ext. 1240 y 1250 Correo electr\u00f3nico: scarrera@utcancun.edu.mx \u201cEste programa es p\u00fablico ajeno a cualquier partido pol\u00edtico. Queda prohibido el uso para fines distintos a los establecidos en [&hellip;]<\/p>\n","protected":false},"author":1,"featured_media":0,"parent":0,"menu_order":0,"comment_status":"closed","ping_status":"closed","template":"","meta":{"content-type":"","footnotes":""},"class_list":["post-1747","page","type-page","status-publish","hentry"],"_links":{"self":[{"href":"https:\/\/utcancun.edu.mx\/index.php\/wp-json\/wp\/v2\/pages\/1747","targetHints":{"allow":["GET"]}}],"collection":[{"href":"https:\/\/utcancun.edu.mx\/index.php\/wp-json\/wp\/v2\/pages"}],"about":[{"href":"https:\/\/utcancun.edu.mx\/index.php\/wp-json\/wp\/v2\/types\/page"}],"author":[{"embeddable":true,"href":"https:\/\/utcancun.edu.mx\/index.php\/wp-json\/wp\/v2\/users\/1"}],"replies":[{"embeddable":true,"href":"https:\/\/utcancun.edu.mx\/index.php\/wp-json\/wp\/v2\/comments?post=1747"}],"version-history":[{"count":7,"href":"https:\/\/utcancun.edu.mx\/index.php\/wp-json\/wp\/v2\/pages\/1747\/revisions"}],"predecessor-version":[{"id":3961,"href":"https:\/\/utcancun.edu.mx\/index.php\/wp-json\/wp\/v2\/pages\/1747\/revisions\/3961"}],"wp:attachment":[{"href":"https:\/\/utcancun.edu.mx\/index.php\/wp-json\/wp\/v2\/media?parent=1747"}],"curies":[{"name":"wp","href":"https:\/\/api.w.org\/{rel}","templated":true}]}}